{"id":21201,"date":"2025-11-07T21:57:16","date_gmt":"2025-11-07T20:57:16","guid":{"rendered":"https:\/\/www.ernstbrunn-apotheke.at\/katalog\/produkt\/dr-hauschka-gesicht-waschcreme-50-ml\/"},"modified":"2025-12-08T14:22:33","modified_gmt":"2025-12-08T13:22:33","slug":"dr-hauschka-gesicht-waschcreme-50-ml","status":"publish","type":"product","link":"https:\/\/www.ernstbrunn-apotheke.at\/katalog\/produkt\/dr-hauschka-gesicht-waschcreme-50-ml\/","title":{"rendered":"Dr. Hauschka Gesicht Waschcreme 50 ml"},"content":{"rendered":"<p>Dr. Hauschka Gesichtswaschcreme belebt und erfrischt die Haut auf milde Weise. Zus\u00e4tzlich wirkt sie porenverfeinernd, ausscheidungsf\u00f6rdernd und kl\u00e4rend.<\/p>\n","protected":false},"excerpt":{"rendered":"<p>Dr. Hauschka Gesichtswaschcreme belebt und erfrischt die Haut auf milde Weise. Zus\u00e4tzlich wirkt sie porenverfeinernd, ausscheidungsf\u00f6rdernd und kl\u00e4rend.<\/p>\n","protected":false},"featured_media":21203,"template":"","meta":{"_acf_changed":false},"product_brand":[679],"product_cat":[792],"product_tag":[],"class_list":{"0":"post-21201","1":"product","2":"type-product","3":"status-publish","4":"has-post-thumbnail","6":"product_brand-dr-hauschka","7":"product_cat-d","8":"pa_packungsgroesse-50ml","10":"first","11":"instock","12":"shipping-taxable","13":"purchasable","14":"product-type-simple"},"acf":[],"_links":{"self":[{"href":"https:\/\/www.ernstbrunn-apotheke.at\/katalog\/wp-json\/wp\/v2\/product\/21201","targetHints":{"allow":["GET"]}}],"collection":[{"href":"https:\/\/www.ernstbrunn-apotheke.at\/katalog\/wp-json\/wp\/v2\/product"}],"about":[{"href":"https:\/\/www.ernstbrunn-apotheke.at\/katalog\/wp-json\/wp\/v2\/types\/product"}],"wp:featuredmedia":[{"embeddable":true,"href":"https:\/\/www.ernstbrunn-apotheke.at\/katalog\/wp-json\/wp\/v2\/media\/21203"}],"wp:attachment":[{"href":"https:\/\/www.ernstbrunn-apotheke.at\/katalog\/wp-json\/wp\/v2\/media?parent=21201"}],"wp:term":[{"taxonomy":"product_brand","embeddable":true,"href":"https:\/\/www.ernstbrunn-apotheke.at\/katalog\/wp-json\/wp\/v2\/product_brand?post=21201"},{"taxonomy":"product_cat","embeddable":true,"href":"https:\/\/www.ernstbrunn-apotheke.at\/katalog\/wp-json\/wp\/v2\/product_cat?post=21201"},{"taxonomy":"product_tag","embeddable":true,"href":"https:\/\/www.ernstbrunn-apotheke.at\/katalog\/wp-json\/wp\/v2\/product_tag?post=21201"}],"curies":[{"name":"wp","href":"https:\/\/api.w.org\/{rel}","templated":true}]}}