{"id":21106,"date":"2025-11-07T21:56:28","date_gmt":"2025-11-07T20:56:28","guid":{"rendered":"https:\/\/www.ernstbrunn-apotheke.at\/katalog\/produkt\/la-roche-mizellen-reinigungsfluid-fuer-reaktive-haut-200ml\/"},"modified":"2025-12-08T14:22:10","modified_gmt":"2025-12-08T13:22:10","slug":"la-roche-mizellen-reinigungsfluid-fuer-reaktive-haut-200ml","status":"publish","type":"product","link":"https:\/\/www.ernstbrunn-apotheke.at\/katalog\/produkt\/la-roche-mizellen-reinigungsfluid-fuer-reaktive-haut-200ml\/","title":{"rendered":"La Roche MIZELLEN REINIGUNGSFLUID f\u00fcr reaktive Haut &#8211; 200ml"},"content":{"rendered":"<p>La Roche-Posay Mizellen Reinigungsfluid Ultra eignet sich f\u00fcr \u00fcberempfindliche, reaktive Haut und dient zur Reinigung sowie Make-up-Entfernung f\u00fcr Gesicht, Augen und Lippen ohne R\u00f6tungen oder Spannungsgef\u00fchl zu verursachen. Durch das enthaltene, intensiv pflegende Thermalwasser wird die Haut mit N\u00e4hrstoffen versorgt und die Hautschutzbarriere gest\u00e4rkt. Zudem ist das Fluid seifenfrei sowie frei von Farbstoffen, Duftstoffen, Parabenen und Alkohol und nicht komedogen.<\/p>\n","protected":false},"excerpt":{"rendered":"<p>La Roche-Posay Mizellen Reinigungsfluid Ultra eignet sich f\u00fcr \u00fcberempfindliche, reaktive Haut und dient zur Reinigung sowie Make-up-Entfernung f\u00fcr Gesicht, Augen und Lippen ohne R\u00f6tungen oder Spannungsgef\u00fchl zu verursachen. Durch das enthaltene, intensiv pflegende Thermalwasser wird die Haut mit N\u00e4hrstoffen versorgt und die Hautschutzbarriere gest\u00e4rkt. Zudem ist das Fluid seifenfrei sowie frei von Farbstoffen, Duftstoffen, Parabenen [&hellip;]<\/p>\n","protected":false},"featured_media":21108,"template":"","meta":{"_acf_changed":false},"product_brand":[677],"product_cat":[795],"product_tag":[],"class_list":{"0":"post-21106","1":"product","2":"type-product","3":"status-publish","4":"has-post-thumbnail","6":"product_brand-la-roche-posay","7":"product_cat-l","8":"pa_packungsgroesse-200ml","10":"first","11":"instock","12":"shipping-taxable","13":"purchasable","14":"product-type-simple"},"acf":[],"_links":{"self":[{"href":"https:\/\/www.ernstbrunn-apotheke.at\/katalog\/wp-json\/wp\/v2\/product\/21106","targetHints":{"allow":["GET"]}}],"collection":[{"href":"https:\/\/www.ernstbrunn-apotheke.at\/katalog\/wp-json\/wp\/v2\/product"}],"about":[{"href":"https:\/\/www.ernstbrunn-apotheke.at\/katalog\/wp-json\/wp\/v2\/types\/product"}],"wp:featuredmedia":[{"embeddable":true,"href":"https:\/\/www.ernstbrunn-apotheke.at\/katalog\/wp-json\/wp\/v2\/media\/21108"}],"wp:attachment":[{"href":"https:\/\/www.ernstbrunn-apotheke.at\/katalog\/wp-json\/wp\/v2\/media?parent=21106"}],"wp:term":[{"taxonomy":"product_brand","embeddable":true,"href":"https:\/\/www.ernstbrunn-apotheke.at\/katalog\/wp-json\/wp\/v2\/product_brand?post=21106"},{"taxonomy":"product_cat","embeddable":true,"href":"https:\/\/www.ernstbrunn-apotheke.at\/katalog\/wp-json\/wp\/v2\/product_cat?post=21106"},{"taxonomy":"product_tag","embeddable":true,"href":"https:\/\/www.ernstbrunn-apotheke.at\/katalog\/wp-json\/wp\/v2\/product_tag?post=21106"}],"curies":[{"name":"wp","href":"https:\/\/api.w.org\/{rel}","templated":true}]}}