{"id":20972,"date":"2025-11-07T21:55:37","date_gmt":"2025-11-07T20:55:37","guid":{"rendered":"https:\/\/www.ernstbrunn-apotheke.at\/katalog\/produkt\/la-roche-posay-cicaplast-gel-b5-40-ml\/"},"modified":"2025-12-08T14:21:36","modified_gmt":"2025-12-08T13:21:36","slug":"la-roche-posay-cicaplast-gel-b5-40-ml","status":"publish","type":"product","link":"https:\/\/www.ernstbrunn-apotheke.at\/katalog\/produkt\/la-roche-posay-cicaplast-gel-b5-40-ml\/","title":{"rendered":"La Roche-Posay Cicaplast Gel B5 40 ml"},"content":{"rendered":"<p>La Roch-Posay Cicaplast Gel B5 ist eine regenerierende Pflege bei Narben und nach \u00e4sthetischen Behandlungen.Das Gel bildet dank seiner Isolier-Textur eine unsichtbare, sch\u00fctzende Schicht auf der Haut. Die besondere Wirkstoffkombination mit pflegendem Panthenol (5%), sch\u00fctzenden Madecassosiden und dem anti-bakteriellen Komplex aus Kupfer, Zink und Mangan beschleunigt die Hauterneuerung.<\/p>\n","protected":false},"excerpt":{"rendered":"<p>La Roch-Posay Cicaplast Gel B5 ist eine regenerierende Pflege bei Narben und nach \u00e4sthetischen Behandlungen.Das Gel bildet dank seiner Isolier-Textur eine unsichtbare, sch\u00fctzende Schicht auf der Haut. Die besondere Wirkstoffkombination mit pflegendem Panthenol (5%), sch\u00fctzenden Madecassosiden und dem anti-bakteriellen Komplex aus Kupfer, Zink und Mangan beschleunigt die Hauterneuerung.<\/p>\n","protected":false},"featured_media":20974,"template":"","meta":{"_acf_changed":false},"product_brand":[677],"product_cat":[795],"product_tag":[],"class_list":{"0":"post-20972","1":"product","2":"type-product","3":"status-publish","4":"has-post-thumbnail","6":"product_brand-la-roche-posay","7":"product_cat-l","8":"pa_packungsgroesse-40ml","10":"first","11":"instock","12":"shipping-taxable","13":"purchasable","14":"product-type-simple"},"acf":[],"_links":{"self":[{"href":"https:\/\/www.ernstbrunn-apotheke.at\/katalog\/wp-json\/wp\/v2\/product\/20972","targetHints":{"allow":["GET"]}}],"collection":[{"href":"https:\/\/www.ernstbrunn-apotheke.at\/katalog\/wp-json\/wp\/v2\/product"}],"about":[{"href":"https:\/\/www.ernstbrunn-apotheke.at\/katalog\/wp-json\/wp\/v2\/types\/product"}],"wp:featuredmedia":[{"embeddable":true,"href":"https:\/\/www.ernstbrunn-apotheke.at\/katalog\/wp-json\/wp\/v2\/media\/20974"}],"wp:attachment":[{"href":"https:\/\/www.ernstbrunn-apotheke.at\/katalog\/wp-json\/wp\/v2\/media?parent=20972"}],"wp:term":[{"taxonomy":"product_brand","embeddable":true,"href":"https:\/\/www.ernstbrunn-apotheke.at\/katalog\/wp-json\/wp\/v2\/product_brand?post=20972"},{"taxonomy":"product_cat","embeddable":true,"href":"https:\/\/www.ernstbrunn-apotheke.at\/katalog\/wp-json\/wp\/v2\/product_cat?post=20972"},{"taxonomy":"product_tag","embeddable":true,"href":"https:\/\/www.ernstbrunn-apotheke.at\/katalog\/wp-json\/wp\/v2\/product_tag?post=20972"}],"curies":[{"name":"wp","href":"https:\/\/api.w.org\/{rel}","templated":true}]}}