{"id":20929,"date":"2025-11-07T21:55:37","date_gmt":"2025-11-07T20:55:37","guid":{"rendered":"https:\/\/www.ernstbrunn-apotheke.at\/katalog\/produkt\/la-roche-posay-toleriane-ultra-nacht-40-ml\/"},"modified":"2025-12-08T14:21:27","modified_gmt":"2025-12-08T13:21:27","slug":"la-roche-posay-toleriane-ultra-nacht-40-ml","status":"publish","type":"product","link":"https:\/\/www.ernstbrunn-apotheke.at\/katalog\/produkt\/la-roche-posay-toleriane-ultra-nacht-40-ml\/","title":{"rendered":"La Roche-Posay Toleriane Ultra Nacht 40 ml"},"content":{"rendered":"<p>La Roche Posay Toleriane Ultra Nachtcreme mildert \u00fcber Nacht aktiv die morgendlichen Hautsymptome \u00fcberempfindlicher Haut. Die Creme ist eine n\u00e4chtliche Intensivpflege, die dank hautberuhigendem Thermalwasser in Verbindung mit dem Wirkstoff Neurosensine aktiv die Empfindlichkeit von \u00fcberempfindlicher oder allergischer Haut reduziert und Probleme wie R\u00f6tungen, Brennen und Juckreiz mildert.<\/p>\n","protected":false},"excerpt":{"rendered":"<p>La Roche Posay Toleriane Ultra Nachtcreme mildert \u00fcber Nacht aktiv die morgendlichen Hautsymptome \u00fcberempfindlicher Haut. Die Creme ist eine n\u00e4chtliche Intensivpflege, die dank hautberuhigendem Thermalwasser in Verbindung mit dem Wirkstoff Neurosensine aktiv die Empfindlichkeit von \u00fcberempfindlicher oder allergischer Haut reduziert und Probleme wie R\u00f6tungen, Brennen und Juckreiz mildert.<\/p>\n","protected":false},"featured_media":20931,"template":"","meta":{"_acf_changed":false},"product_brand":[677],"product_cat":[795],"product_tag":[],"class_list":{"0":"post-20929","1":"product","2":"type-product","3":"status-publish","4":"has-post-thumbnail","6":"product_brand-la-roche-posay","7":"product_cat-l","8":"pa_packungsgroesse-40ml","10":"first","11":"instock","12":"shipping-taxable","13":"purchasable","14":"product-type-simple"},"acf":[],"_links":{"self":[{"href":"https:\/\/www.ernstbrunn-apotheke.at\/katalog\/wp-json\/wp\/v2\/product\/20929","targetHints":{"allow":["GET"]}}],"collection":[{"href":"https:\/\/www.ernstbrunn-apotheke.at\/katalog\/wp-json\/wp\/v2\/product"}],"about":[{"href":"https:\/\/www.ernstbrunn-apotheke.at\/katalog\/wp-json\/wp\/v2\/types\/product"}],"wp:featuredmedia":[{"embeddable":true,"href":"https:\/\/www.ernstbrunn-apotheke.at\/katalog\/wp-json\/wp\/v2\/media\/20931"}],"wp:attachment":[{"href":"https:\/\/www.ernstbrunn-apotheke.at\/katalog\/wp-json\/wp\/v2\/media?parent=20929"}],"wp:term":[{"taxonomy":"product_brand","embeddable":true,"href":"https:\/\/www.ernstbrunn-apotheke.at\/katalog\/wp-json\/wp\/v2\/product_brand?post=20929"},{"taxonomy":"product_cat","embeddable":true,"href":"https:\/\/www.ernstbrunn-apotheke.at\/katalog\/wp-json\/wp\/v2\/product_cat?post=20929"},{"taxonomy":"product_tag","embeddable":true,"href":"https:\/\/www.ernstbrunn-apotheke.at\/katalog\/wp-json\/wp\/v2\/product_tag?post=20929"}],"curies":[{"name":"wp","href":"https:\/\/api.w.org\/{rel}","templated":true}]}}