{"id":20837,"date":"2025-11-07T21:54:53","date_gmt":"2025-11-07T20:54:53","guid":{"rendered":"https:\/\/www.ernstbrunn-apotheke.at\/katalog\/produkt\/eucerin-hyaluron-filler-anti-age-serum-konzentrat-6-x-5ml\/"},"modified":"2025-12-08T14:21:04","modified_gmt":"2025-12-08T13:21:04","slug":"eucerin-hyaluron-filler-anti-age-serum-konzentrat-6-x-5ml","status":"publish","type":"product","link":"https:\/\/www.ernstbrunn-apotheke.at\/katalog\/produkt\/eucerin-hyaluron-filler-anti-age-serum-konzentrat-6-x-5ml\/","title":{"rendered":"Eucerin HYALURON FILLER Anti-Age Serum-Konzentrat &#8211; 6 x 5ml"},"content":{"rendered":"<p>Eucerin HYALURON-FILLER Serum-Konzentrat ist ein intensives Serum gegen Falten, das zusammen mit der t\u00e4glichen Anti-Age Pflege verwendet wird. Das Serum verbindet die langkettige mit der 40 mal kleineren, kurzkettigen Hyalurons\u00e4ure zur gezielten Pflege alternder Haut. Es enth\u00e4lt zus\u00e4tzlich Saponin, das die nat\u00fcrliche Produktion von Hyalurons\u00e4ure in der Haut unterst\u00fctzt. Bei regelm\u00e4\u00dfiger Anwendung erscheint die Haut glatter und jugendlicher.<\/p>\n","protected":false},"excerpt":{"rendered":"<p>Eucerin HYALURON-FILLER Serum-Konzentrat ist ein intensives Serum gegen Falten, das zusammen mit der t\u00e4glichen Anti-Age Pflege verwendet wird. Das Serum verbindet die langkettige mit der 40 mal kleineren, kurzkettigen Hyalurons\u00e4ure zur gezielten Pflege alternder Haut. Es enth\u00e4lt zus\u00e4tzlich Saponin, das die nat\u00fcrliche Produktion von Hyalurons\u00e4ure in der Haut unterst\u00fctzt. Bei regelm\u00e4\u00dfiger Anwendung erscheint die Haut [&hellip;]<\/p>\n","protected":false},"featured_media":20839,"template":"","meta":{"_acf_changed":false},"product_brand":[334],"product_cat":[794],"product_tag":[],"class_list":{"0":"post-20837","1":"product","2":"type-product","3":"status-publish","4":"has-post-thumbnail","6":"product_brand-eucerin","7":"product_cat-e","8":"pa_packungsgroesse-30ml","10":"first","11":"instock","12":"shipping-taxable","13":"purchasable","14":"product-type-simple"},"acf":[],"_links":{"self":[{"href":"https:\/\/www.ernstbrunn-apotheke.at\/katalog\/wp-json\/wp\/v2\/product\/20837","targetHints":{"allow":["GET"]}}],"collection":[{"href":"https:\/\/www.ernstbrunn-apotheke.at\/katalog\/wp-json\/wp\/v2\/product"}],"about":[{"href":"https:\/\/www.ernstbrunn-apotheke.at\/katalog\/wp-json\/wp\/v2\/types\/product"}],"wp:featuredmedia":[{"embeddable":true,"href":"https:\/\/www.ernstbrunn-apotheke.at\/katalog\/wp-json\/wp\/v2\/media\/20839"}],"wp:attachment":[{"href":"https:\/\/www.ernstbrunn-apotheke.at\/katalog\/wp-json\/wp\/v2\/media?parent=20837"}],"wp:term":[{"taxonomy":"product_brand","embeddable":true,"href":"https:\/\/www.ernstbrunn-apotheke.at\/katalog\/wp-json\/wp\/v2\/product_brand?post=20837"},{"taxonomy":"product_cat","embeddable":true,"href":"https:\/\/www.ernstbrunn-apotheke.at\/katalog\/wp-json\/wp\/v2\/product_cat?post=20837"},{"taxonomy":"product_tag","embeddable":true,"href":"https:\/\/www.ernstbrunn-apotheke.at\/katalog\/wp-json\/wp\/v2\/product_tag?post=20837"}],"curies":[{"name":"wp","href":"https:\/\/api.w.org\/{rel}","templated":true}]}}