{"id":20384,"date":"2025-11-07T21:51:34","date_gmt":"2025-11-07T20:51:34","guid":{"rendered":"https:\/\/www.ernstbrunn-apotheke.at\/katalog\/produkt\/la-roche-posay-effaclar-schaeumendes-reinigungsgel-200-ml\/"},"modified":"2025-12-08T14:19:26","modified_gmt":"2025-12-08T13:19:26","slug":"la-roche-posay-effaclar-schaeumendes-reinigungsgel-200-ml","status":"publish","type":"product","link":"https:\/\/www.ernstbrunn-apotheke.at\/katalog\/produkt\/la-roche-posay-effaclar-schaeumendes-reinigungsgel-200-ml\/","title":{"rendered":"La Roche-Posay Effaclar Sch\u00e4umendes Reinigungsgel 200 ml"},"content":{"rendered":"<p>La Roche-Posay Effaclar Reinigungsgel befreit die Haut von Unreinheiten, \u00fcbersch\u00fcssigem Talk und Schmutzpartikeln. Au\u00dferdem reinigt es gr\u00fcndlich und sanft, ohne die Haut auszutrocknen. Dar\u00fcber hinaus wird die Pflege f\u00fcr seine antibakterielle Wirkung gesch\u00e4tzt.<\/p>\n","protected":false},"excerpt":{"rendered":"<p>La Roche-Posay Effaclar Reinigungsgel befreit die Haut von Unreinheiten, \u00fcbersch\u00fcssigem Talk und Schmutzpartikeln. Au\u00dferdem reinigt es gr\u00fcndlich und sanft, ohne die Haut auszutrocknen. Dar\u00fcber hinaus wird die Pflege f\u00fcr seine antibakterielle Wirkung gesch\u00e4tzt.<\/p>\n","protected":false},"featured_media":20386,"template":"","meta":{"_acf_changed":false},"product_brand":[677],"product_cat":[795],"product_tag":[],"class_list":{"0":"post-20384","1":"product","2":"type-product","3":"status-publish","4":"has-post-thumbnail","6":"product_brand-la-roche-posay","7":"product_cat-l","8":"pa_packungsgroesse-200ml","10":"first","11":"instock","12":"shipping-taxable","13":"purchasable","14":"product-type-simple"},"acf":[],"_links":{"self":[{"href":"https:\/\/www.ernstbrunn-apotheke.at\/katalog\/wp-json\/wp\/v2\/product\/20384","targetHints":{"allow":["GET"]}}],"collection":[{"href":"https:\/\/www.ernstbrunn-apotheke.at\/katalog\/wp-json\/wp\/v2\/product"}],"about":[{"href":"https:\/\/www.ernstbrunn-apotheke.at\/katalog\/wp-json\/wp\/v2\/types\/product"}],"wp:featuredmedia":[{"embeddable":true,"href":"https:\/\/www.ernstbrunn-apotheke.at\/katalog\/wp-json\/wp\/v2\/media\/20386"}],"wp:attachment":[{"href":"https:\/\/www.ernstbrunn-apotheke.at\/katalog\/wp-json\/wp\/v2\/media?parent=20384"}],"wp:term":[{"taxonomy":"product_brand","embeddable":true,"href":"https:\/\/www.ernstbrunn-apotheke.at\/katalog\/wp-json\/wp\/v2\/product_brand?post=20384"},{"taxonomy":"product_cat","embeddable":true,"href":"https:\/\/www.ernstbrunn-apotheke.at\/katalog\/wp-json\/wp\/v2\/product_cat?post=20384"},{"taxonomy":"product_tag","embeddable":true,"href":"https:\/\/www.ernstbrunn-apotheke.at\/katalog\/wp-json\/wp\/v2\/product_tag?post=20384"}],"curies":[{"name":"wp","href":"https:\/\/api.w.org\/{rel}","templated":true}]}}