{"id":20220,"date":"2025-11-07T21:50:06","date_gmt":"2025-11-07T20:50:06","guid":{"rendered":"https:\/\/www.ernstbrunn-apotheke.at\/katalog\/produkt\/syneo-5-man-deo-pumpspray-30-ml\/"},"modified":"2025-12-08T14:18:38","modified_gmt":"2025-12-08T13:18:38","slug":"syneo-5-man-deo-pumpspray-30-ml","status":"publish","type":"product","link":"https:\/\/www.ernstbrunn-apotheke.at\/katalog\/produkt\/syneo-5-man-deo-pumpspray-30-ml\/","title":{"rendered":"Syneo 5 Man Deo Pumpspray 30 ml"},"content":{"rendered":"<p>Syneo 5 Man Deo Pumpspray wird zur Reduzierung des Schwei\u00dfgeruchs bei M\u00e4nnern angewendet. Das enthaltene Aluminiumchlorid bildet mit Proteinen auf der Haut eine Verbindung, welche die Schwei\u00dfdr\u00fcsen verschlie\u00dft. Durch Anwendung dieses Produktes wird au\u00dferdem die Vermehrung von Hautbakterien gehemmt.<\/p>\n","protected":false},"excerpt":{"rendered":"<p>Syneo 5 Man Deo Pumpspray wird zur Reduzierung des Schwei\u00dfgeruchs bei M\u00e4nnern angewendet. Das enthaltene Aluminiumchlorid bildet mit Proteinen auf der Haut eine Verbindung, welche die Schwei\u00dfdr\u00fcsen verschlie\u00dft. Durch Anwendung dieses Produktes wird au\u00dferdem die Vermehrung von Hautbakterien gehemmt.<\/p>\n","protected":false},"featured_media":20222,"template":"","meta":{"_acf_changed":false},"product_brand":[],"product_cat":[791],"product_tag":[],"class_list":{"0":"post-20220","1":"product","2":"type-product","3":"status-publish","4":"has-post-thumbnail","6":"product_cat-s","7":"pa_packungsgroesse-30ml","9":"first","10":"instock","11":"shipping-taxable","12":"purchasable","13":"product-type-simple"},"acf":[],"_links":{"self":[{"href":"https:\/\/www.ernstbrunn-apotheke.at\/katalog\/wp-json\/wp\/v2\/product\/20220","targetHints":{"allow":["GET"]}}],"collection":[{"href":"https:\/\/www.ernstbrunn-apotheke.at\/katalog\/wp-json\/wp\/v2\/product"}],"about":[{"href":"https:\/\/www.ernstbrunn-apotheke.at\/katalog\/wp-json\/wp\/v2\/types\/product"}],"wp:featuredmedia":[{"embeddable":true,"href":"https:\/\/www.ernstbrunn-apotheke.at\/katalog\/wp-json\/wp\/v2\/media\/20222"}],"wp:attachment":[{"href":"https:\/\/www.ernstbrunn-apotheke.at\/katalog\/wp-json\/wp\/v2\/media?parent=20220"}],"wp:term":[{"taxonomy":"product_brand","embeddable":true,"href":"https:\/\/www.ernstbrunn-apotheke.at\/katalog\/wp-json\/wp\/v2\/product_brand?post=20220"},{"taxonomy":"product_cat","embeddable":true,"href":"https:\/\/www.ernstbrunn-apotheke.at\/katalog\/wp-json\/wp\/v2\/product_cat?post=20220"},{"taxonomy":"product_tag","embeddable":true,"href":"https:\/\/www.ernstbrunn-apotheke.at\/katalog\/wp-json\/wp\/v2\/product_tag?post=20220"}],"curies":[{"name":"wp","href":"https:\/\/api.w.org\/{rel}","templated":true}]}}