{"id":20018,"date":"2025-11-07T21:48:50","date_gmt":"2025-11-07T20:48:50","guid":{"rendered":"https:\/\/www.ernstbrunn-apotheke.at\/katalog\/produkt\/vichy-deodorant-deo-pumpzerstaeuber-herb-wuerzig\/"},"modified":"2025-12-08T14:17:32","modified_gmt":"2025-12-08T13:17:32","slug":"vichy-deodorant-deo-pumpzerstaeuber-herb-wuerzig","status":"publish","type":"product","link":"https:\/\/www.ernstbrunn-apotheke.at\/katalog\/produkt\/vichy-deodorant-deo-pumpzerstaeuber-herb-wuerzig\/","title":{"rendered":"Vichy DEODORANT Deo-Pumpzerst\u00e4uber herb\/w\u00fcrzig"},"content":{"rendered":"<p>VICHY Deo Ultrafrisches Deodorant 24h fruchtig-frisch f\u00fcr ein langanhaltendes Frischegef\u00fchl &#8211; bis zu 24h!.<\/p>\n","protected":false},"excerpt":{"rendered":"<p>VICHY Deo Ultrafrisches Deodorant 24h fruchtig-frisch f\u00fcr ein langanhaltendes Frischegef\u00fchl &#8211; bis zu 24h!.<\/p>\n","protected":false},"featured_media":20020,"template":"","meta":{"_acf_changed":false},"product_brand":[675],"product_cat":[799],"product_tag":[],"class_list":{"0":"post-20018","1":"product","2":"type-product","3":"status-publish","4":"has-post-thumbnail","6":"product_brand-vichy","7":"product_cat-v","8":"pa_packungsgroesse-100ml","10":"first","11":"instock","12":"shipping-taxable","13":"purchasable","14":"product-type-simple"},"acf":[],"_links":{"self":[{"href":"https:\/\/www.ernstbrunn-apotheke.at\/katalog\/wp-json\/wp\/v2\/product\/20018","targetHints":{"allow":["GET"]}}],"collection":[{"href":"https:\/\/www.ernstbrunn-apotheke.at\/katalog\/wp-json\/wp\/v2\/product"}],"about":[{"href":"https:\/\/www.ernstbrunn-apotheke.at\/katalog\/wp-json\/wp\/v2\/types\/product"}],"wp:featuredmedia":[{"embeddable":true,"href":"https:\/\/www.ernstbrunn-apotheke.at\/katalog\/wp-json\/wp\/v2\/media\/20020"}],"wp:attachment":[{"href":"https:\/\/www.ernstbrunn-apotheke.at\/katalog\/wp-json\/wp\/v2\/media?parent=20018"}],"wp:term":[{"taxonomy":"product_brand","embeddable":true,"href":"https:\/\/www.ernstbrunn-apotheke.at\/katalog\/wp-json\/wp\/v2\/product_brand?post=20018"},{"taxonomy":"product_cat","embeddable":true,"href":"https:\/\/www.ernstbrunn-apotheke.at\/katalog\/wp-json\/wp\/v2\/product_cat?post=20018"},{"taxonomy":"product_tag","embeddable":true,"href":"https:\/\/www.ernstbrunn-apotheke.at\/katalog\/wp-json\/wp\/v2\/product_tag?post=20018"}],"curies":[{"name":"wp","href":"https:\/\/api.w.org\/{rel}","templated":true}]}}