{"id":19866,"date":"2025-11-07T21:47:53","date_gmt":"2025-11-07T20:47:53","guid":{"rendered":"https:\/\/www.ernstbrunn-apotheke.at\/katalog\/produkt\/wurzeltod-kurpackung-6-pflaster-bad-1-stk\/"},"modified":"2025-12-08T14:17:01","modified_gmt":"2025-12-08T13:17:01","slug":"wurzeltod-kurpackung-6-pflaster-bad-1-stk","status":"publish","type":"product","link":"https:\/\/www.ernstbrunn-apotheke.at\/katalog\/produkt\/wurzeltod-kurpackung-6-pflaster-bad-1-stk\/","title":{"rendered":"Wurzeltod Kurpackung 6 Pflaster + Bad 1 Stk."},"content":{"rendered":"<p>Wurzeltod Kurpackung 6 Pflaster + Bad vereint zwei Klassiker f\u00fcr eine rasche Entfernung des schmerzenden H\u00fchnerauges. In der Wurzeltod Kurpackung befinden sich sechs H\u00fchneraugenpflaster und ein S\u00e4ckchen Badesalz. So k\u00f6nnen Sie vor dem Pflasterwechsel den Fu\u00df mit einem Bad verw\u00f6hnen und das Abl\u00f6sen der verhornten Haut f\u00e4llt noch leichter.<\/p>\n","protected":false},"excerpt":{"rendered":"<p>Wurzeltod Kurpackung 6 Pflaster + Bad vereint zwei Klassiker f\u00fcr eine rasche Entfernung des schmerzenden H\u00fchnerauges. In der Wurzeltod Kurpackung befinden sich sechs H\u00fchneraugenpflaster und ein S\u00e4ckchen Badesalz. So k\u00f6nnen Sie vor dem Pflasterwechsel den Fu\u00df mit einem Bad verw\u00f6hnen und das Abl\u00f6sen der verhornten Haut f\u00e4llt noch leichter.<\/p>\n","protected":false},"featured_media":19868,"template":"","meta":{"_acf_changed":false},"product_brand":[],"product_cat":[796],"product_tag":[],"class_list":{"0":"post-19866","1":"product","2":"type-product","3":"status-publish","4":"has-post-thumbnail","6":"product_cat-w","7":"pa_packungsgroesse-1-stueck","9":"first","10":"instock","11":"shipping-taxable","12":"purchasable","13":"product-type-simple"},"acf":[],"_links":{"self":[{"href":"https:\/\/www.ernstbrunn-apotheke.at\/katalog\/wp-json\/wp\/v2\/product\/19866","targetHints":{"allow":["GET"]}}],"collection":[{"href":"https:\/\/www.ernstbrunn-apotheke.at\/katalog\/wp-json\/wp\/v2\/product"}],"about":[{"href":"https:\/\/www.ernstbrunn-apotheke.at\/katalog\/wp-json\/wp\/v2\/types\/product"}],"wp:featuredmedia":[{"embeddable":true,"href":"https:\/\/www.ernstbrunn-apotheke.at\/katalog\/wp-json\/wp\/v2\/media\/19868"}],"wp:attachment":[{"href":"https:\/\/www.ernstbrunn-apotheke.at\/katalog\/wp-json\/wp\/v2\/media?parent=19866"}],"wp:term":[{"taxonomy":"product_brand","embeddable":true,"href":"https:\/\/www.ernstbrunn-apotheke.at\/katalog\/wp-json\/wp\/v2\/product_brand?post=19866"},{"taxonomy":"product_cat","embeddable":true,"href":"https:\/\/www.ernstbrunn-apotheke.at\/katalog\/wp-json\/wp\/v2\/product_cat?post=19866"},{"taxonomy":"product_tag","embeddable":true,"href":"https:\/\/www.ernstbrunn-apotheke.at\/katalog\/wp-json\/wp\/v2\/product_tag?post=19866"}],"curies":[{"name":"wp","href":"https:\/\/api.w.org\/{rel}","templated":true}]}}