{"id":19707,"date":"2025-11-07T21:46:48","date_gmt":"2025-11-07T20:46:48","guid":{"rendered":"https:\/\/www.ernstbrunn-apotheke.at\/katalog\/produkt\/lamisil-creme-15-g\/"},"modified":"2025-12-08T14:16:36","modified_gmt":"2025-12-08T13:16:36","slug":"lamisil-creme-15-g","status":"publish","type":"product","link":"https:\/\/www.ernstbrunn-apotheke.at\/katalog\/produkt\/lamisil-creme-15-g\/","title":{"rendered":"Lamisil Creme 15 g"},"content":{"rendered":"<p>Lamisil Creme wirkt gegen Fu\u00dfpilz, Leistenpilz und Ringelflechte. Sie t\u00f6tet den Pilz nicht nur ab, sondern pflegt gleichzeitig auch die trockene und beanspruchte Haut. Die Creme enth\u00e4lt keinen Alkohol und ist daher besonders f\u00fcr gereizte Haut geeignet. Sie l\u00e4sst sich leicht auf die betroffenen Hautpartien auftragen, versorgt die Haut mit Feuchtigkeit und st\u00e4rkt die nat\u00fcrlichen Schutzfunktionen der Haut.<\/p>\n","protected":false},"excerpt":{"rendered":"<p>Lamisil Creme wirkt gegen Fu\u00dfpilz, Leistenpilz und Ringelflechte. Sie t\u00f6tet den Pilz nicht nur ab, sondern pflegt gleichzeitig auch die trockene und beanspruchte Haut. Die Creme enth\u00e4lt keinen Alkohol und ist daher besonders f\u00fcr gereizte Haut geeignet. Sie l\u00e4sst sich leicht auf die betroffenen Hautpartien auftragen, versorgt die Haut mit Feuchtigkeit und st\u00e4rkt die nat\u00fcrlichen [&hellip;]<\/p>\n","protected":false},"featured_media":19709,"template":"","meta":{"_acf_changed":false},"product_brand":[],"product_cat":[795],"product_tag":[],"class_list":{"0":"post-19707","1":"product","2":"type-product","3":"status-publish","4":"has-post-thumbnail","6":"product_cat-l","7":"pa_packungsgroesse-15g","9":"first","10":"instock","11":"shipping-taxable","12":"purchasable","13":"product-type-simple"},"acf":[],"_links":{"self":[{"href":"https:\/\/www.ernstbrunn-apotheke.at\/katalog\/wp-json\/wp\/v2\/product\/19707","targetHints":{"allow":["GET"]}}],"collection":[{"href":"https:\/\/www.ernstbrunn-apotheke.at\/katalog\/wp-json\/wp\/v2\/product"}],"about":[{"href":"https:\/\/www.ernstbrunn-apotheke.at\/katalog\/wp-json\/wp\/v2\/types\/product"}],"wp:featuredmedia":[{"embeddable":true,"href":"https:\/\/www.ernstbrunn-apotheke.at\/katalog\/wp-json\/wp\/v2\/media\/19709"}],"wp:attachment":[{"href":"https:\/\/www.ernstbrunn-apotheke.at\/katalog\/wp-json\/wp\/v2\/media?parent=19707"}],"wp:term":[{"taxonomy":"product_brand","embeddable":true,"href":"https:\/\/www.ernstbrunn-apotheke.at\/katalog\/wp-json\/wp\/v2\/product_brand?post=19707"},{"taxonomy":"product_cat","embeddable":true,"href":"https:\/\/www.ernstbrunn-apotheke.at\/katalog\/wp-json\/wp\/v2\/product_cat?post=19707"},{"taxonomy":"product_tag","embeddable":true,"href":"https:\/\/www.ernstbrunn-apotheke.at\/katalog\/wp-json\/wp\/v2\/product_tag?post=19707"}],"curies":[{"name":"wp","href":"https:\/\/api.w.org\/{rel}","templated":true}]}}