{"id":19546,"date":"2025-11-07T21:46:01","date_gmt":"2025-11-07T20:46:01","guid":{"rendered":"https:\/\/www.ernstbrunn-apotheke.at\/katalog\/produkt\/mosquito-classic-insektenschutz-100-ml-spray\/"},"modified":"2025-12-08T14:16:02","modified_gmt":"2025-12-08T13:16:02","slug":"mosquito-classic-insektenschutz-100-ml-spray","status":"publish","type":"product","link":"https:\/\/www.ernstbrunn-apotheke.at\/katalog\/produkt\/mosquito-classic-insektenschutz-100-ml-spray\/","title":{"rendered":"Mosquito Classic Insektenschutz 100 ml Spray"},"content":{"rendered":"<p>Mosquito Classic Insektenschutz Spray verhindert Stiche von Stechm\u00fccken, Zecken und Grasmilben. Die Wirkung des Sprays h\u00e4lt bei normaler k\u00f6rperlicher Bet\u00e4tigung bis zu 5 Stunden an. Der Spray verf\u00fcgt \u00fcber ein 360\u00b0 \u00dcber-Kopf-Spr\u00fchsystem \u2013 jetzt zum Sonderpreis bestellen!<\/p>\n","protected":false},"excerpt":{"rendered":"<p>Mosquito Classic Insektenschutz Spray verhindert Stiche von Stechm\u00fccken, Zecken und Grasmilben. Die Wirkung des Sprays h\u00e4lt bei normaler k\u00f6rperlicher Bet\u00e4tigung bis zu 5 Stunden an. Der Spray verf\u00fcgt \u00fcber ein 360\u00b0 \u00dcber-Kopf-Spr\u00fchsystem \u2013 jetzt zum Sonderpreis bestellen!<\/p>\n","protected":false},"featured_media":19548,"template":"","meta":{"_acf_changed":false},"product_brand":[],"product_cat":[800],"product_tag":[],"class_list":{"0":"post-19546","1":"product","2":"type-product","3":"status-publish","4":"has-post-thumbnail","6":"product_cat-m","7":"pa_packungsgroesse-100ml","9":"first","10":"instock","11":"shipping-taxable","12":"purchasable","13":"product-type-simple"},"acf":[],"_links":{"self":[{"href":"https:\/\/www.ernstbrunn-apotheke.at\/katalog\/wp-json\/wp\/v2\/product\/19546","targetHints":{"allow":["GET"]}}],"collection":[{"href":"https:\/\/www.ernstbrunn-apotheke.at\/katalog\/wp-json\/wp\/v2\/product"}],"about":[{"href":"https:\/\/www.ernstbrunn-apotheke.at\/katalog\/wp-json\/wp\/v2\/types\/product"}],"wp:featuredmedia":[{"embeddable":true,"href":"https:\/\/www.ernstbrunn-apotheke.at\/katalog\/wp-json\/wp\/v2\/media\/19548"}],"wp:attachment":[{"href":"https:\/\/www.ernstbrunn-apotheke.at\/katalog\/wp-json\/wp\/v2\/media?parent=19546"}],"wp:term":[{"taxonomy":"product_brand","embeddable":true,"href":"https:\/\/www.ernstbrunn-apotheke.at\/katalog\/wp-json\/wp\/v2\/product_brand?post=19546"},{"taxonomy":"product_cat","embeddable":true,"href":"https:\/\/www.ernstbrunn-apotheke.at\/katalog\/wp-json\/wp\/v2\/product_cat?post=19546"},{"taxonomy":"product_tag","embeddable":true,"href":"https:\/\/www.ernstbrunn-apotheke.at\/katalog\/wp-json\/wp\/v2\/product_tag?post=19546"}],"curies":[{"name":"wp","href":"https:\/\/api.w.org\/{rel}","templated":true}]}}