{"id":19325,"date":"2025-11-07T21:44:26","date_gmt":"2025-11-07T20:44:26","guid":{"rendered":"https:\/\/www.ernstbrunn-apotheke.at\/katalog\/produkt\/anti-brumm-naturel-spray\/"},"modified":"2025-12-08T14:15:02","modified_gmt":"2025-12-08T13:15:02","slug":"anti-brumm-naturel-spray","status":"publish","type":"product","link":"https:\/\/www.ernstbrunn-apotheke.at\/katalog\/produkt\/anti-brumm-naturel-spray\/","title":{"rendered":"Anti Brumm Naturel Spray"},"content":{"rendered":"<p>Anti Brumm Spray Naturel ist durch das nat\u00fcrliche Wirkstoffgemisch Citriodiol das Mittel erster Wahl f\u00fcr den Schutz gegen M\u00fcckenstiche. Zudem sch\u00fctzt es auch effektiv gegen Fliegen und Zecken. Anti Brumm Spray Naturel gilt als sanfte und zuverl\u00e4ssige Alternative in puncto Insektenschutz.<\/p>\n","protected":false},"excerpt":{"rendered":"<p>Anti Brumm Spray Naturel ist durch das nat\u00fcrliche Wirkstoffgemisch Citriodiol das Mittel erster Wahl f\u00fcr den Schutz gegen M\u00fcckenstiche. Zudem sch\u00fctzt es auch effektiv gegen Fliegen und Zecken. Anti Brumm Spray Naturel gilt als sanfte und zuverl\u00e4ssige Alternative in puncto Insektenschutz.<\/p>\n","protected":false},"featured_media":19327,"template":"","meta":{"_acf_changed":false},"product_brand":[],"product_cat":[801],"product_tag":[],"class_list":{"0":"post-19325","1":"product","2":"type-product","3":"status-publish","4":"has-post-thumbnail","6":"product_cat-a","7":"pa_packungsgroesse-150ml","9":"first","10":"instock","11":"shipping-taxable","12":"purchasable","13":"product-type-simple"},"acf":[],"_links":{"self":[{"href":"https:\/\/www.ernstbrunn-apotheke.at\/katalog\/wp-json\/wp\/v2\/product\/19325","targetHints":{"allow":["GET"]}}],"collection":[{"href":"https:\/\/www.ernstbrunn-apotheke.at\/katalog\/wp-json\/wp\/v2\/product"}],"about":[{"href":"https:\/\/www.ernstbrunn-apotheke.at\/katalog\/wp-json\/wp\/v2\/types\/product"}],"wp:featuredmedia":[{"embeddable":true,"href":"https:\/\/www.ernstbrunn-apotheke.at\/katalog\/wp-json\/wp\/v2\/media\/19327"}],"wp:attachment":[{"href":"https:\/\/www.ernstbrunn-apotheke.at\/katalog\/wp-json\/wp\/v2\/media?parent=19325"}],"wp:term":[{"taxonomy":"product_brand","embeddable":true,"href":"https:\/\/www.ernstbrunn-apotheke.at\/katalog\/wp-json\/wp\/v2\/product_brand?post=19325"},{"taxonomy":"product_cat","embeddable":true,"href":"https:\/\/www.ernstbrunn-apotheke.at\/katalog\/wp-json\/wp\/v2\/product_cat?post=19325"},{"taxonomy":"product_tag","embeddable":true,"href":"https:\/\/www.ernstbrunn-apotheke.at\/katalog\/wp-json\/wp\/v2\/product_tag?post=19325"}],"curies":[{"name":"wp","href":"https:\/\/api.w.org\/{rel}","templated":true}]}}