{"id":19232,"date":"2025-11-07T21:43:48","date_gmt":"2025-11-07T20:43:48","guid":{"rendered":"https:\/\/www.ernstbrunn-apotheke.at\/katalog\/produkt\/dolerma-pflege-emulsion-antiseptisch-250-ml\/"},"modified":"2025-12-08T14:14:35","modified_gmt":"2025-12-08T13:14:35","slug":"dolerma-pflege-emulsion-antiseptisch-250-ml","status":"publish","type":"product","link":"https:\/\/www.ernstbrunn-apotheke.at\/katalog\/produkt\/dolerma-pflege-emulsion-antiseptisch-250-ml\/","title":{"rendered":"Dolerma Pflege-Emulsion antiseptisch 250 ml"},"content":{"rendered":"<p>Dolerma Pflege-Emulsion antiseptisch &#8211; Als unverzichtbarer Bestandteil zur Pflege und Reparatur der Haut schw\u00f6ren \u00c4rzte, Personal in Pflegeheimen, Kosmetikerinnen oder Privatpersonen. Pflegeemulsion f\u00fcr irritierte Haut, auch f\u00fcr Problemhaut geeignet. Dolerma zur regem\u00e4\u00dfigen Pflege der Haut, f\u00fcr besonders beanspruchte und gesch\u00e4digte Haut durch zu viel Sonne oder K\u00e4lte, Insektenstiche, Druckstellen an den F\u00fc\u00dfen, nach dem Epilieren, beim Sport, bei kleinen Verbrennungen, aufgerissenen Fingerspitzen, Sonnenbrand und zur Narbenpflege..<\/p>\n","protected":false},"excerpt":{"rendered":"<p>Dolerma Pflege-Emulsion antiseptisch &#8211; Als unverzichtbarer Bestandteil zur Pflege und Reparatur der Haut schw\u00f6ren \u00c4rzte, Personal in Pflegeheimen, Kosmetikerinnen oder Privatpersonen. Pflegeemulsion f\u00fcr irritierte Haut, auch f\u00fcr Problemhaut geeignet. Dolerma zur regem\u00e4\u00dfigen Pflege der Haut, f\u00fcr besonders beanspruchte und gesch\u00e4digte Haut durch zu viel Sonne oder K\u00e4lte, Insektenstiche, Druckstellen an den F\u00fc\u00dfen, nach dem Epilieren, [&hellip;]<\/p>\n","protected":false},"featured_media":19234,"template":"","meta":{"_acf_changed":false},"product_brand":[],"product_cat":[792],"product_tag":[],"class_list":{"0":"post-19232","1":"product","2":"type-product","3":"status-publish","4":"has-post-thumbnail","6":"product_cat-d","7":"pa_packungsgroesse-250ml","9":"first","10":"instock","11":"shipping-taxable","12":"purchasable","13":"product-type-simple"},"acf":[],"_links":{"self":[{"href":"https:\/\/www.ernstbrunn-apotheke.at\/katalog\/wp-json\/wp\/v2\/product\/19232","targetHints":{"allow":["GET"]}}],"collection":[{"href":"https:\/\/www.ernstbrunn-apotheke.at\/katalog\/wp-json\/wp\/v2\/product"}],"about":[{"href":"https:\/\/www.ernstbrunn-apotheke.at\/katalog\/wp-json\/wp\/v2\/types\/product"}],"wp:featuredmedia":[{"embeddable":true,"href":"https:\/\/www.ernstbrunn-apotheke.at\/katalog\/wp-json\/wp\/v2\/media\/19234"}],"wp:attachment":[{"href":"https:\/\/www.ernstbrunn-apotheke.at\/katalog\/wp-json\/wp\/v2\/media?parent=19232"}],"wp:term":[{"taxonomy":"product_brand","embeddable":true,"href":"https:\/\/www.ernstbrunn-apotheke.at\/katalog\/wp-json\/wp\/v2\/product_brand?post=19232"},{"taxonomy":"product_cat","embeddable":true,"href":"https:\/\/www.ernstbrunn-apotheke.at\/katalog\/wp-json\/wp\/v2\/product_cat?post=19232"},{"taxonomy":"product_tag","embeddable":true,"href":"https:\/\/www.ernstbrunn-apotheke.at\/katalog\/wp-json\/wp\/v2\/product_tag?post=19232"}],"curies":[{"name":"wp","href":"https:\/\/api.w.org\/{rel}","templated":true}]}}