{"id":19132,"date":"2025-11-07T21:43:05","date_gmt":"2025-11-07T20:43:05","guid":{"rendered":"https:\/\/www.ernstbrunn-apotheke.at\/katalog\/produkt\/vaseline-holzhacker\/"},"modified":"2025-12-08T14:14:05","modified_gmt":"2025-12-08T13:14:05","slug":"vaseline-holzhacker","status":"publish","type":"product","link":"https:\/\/www.ernstbrunn-apotheke.at\/katalog\/produkt\/vaseline-holzhacker\/","title":{"rendered":"Vaseline Holzhacker"},"content":{"rendered":"<p>Riviera Holzhacker Vaseline sch\u00fctzt vor rissiger Haut und spr\u00f6den Lippen, wirkt als K\u00e4lteschutz bei frostigem Wetter und pflegt t\u00e4towierte Haut. Vaseline ist parf\u00fcmfrei und enth\u00e4lt keine Konservierungsstoffe &#8211; jetzt stark preisreduziert bestellen!<\/p>\n","protected":false},"excerpt":{"rendered":"<p>Riviera Holzhacker Vaseline sch\u00fctzt vor rissiger Haut und spr\u00f6den Lippen, wirkt als K\u00e4lteschutz bei frostigem Wetter und pflegt t\u00e4towierte Haut. Vaseline ist parf\u00fcmfrei und enth\u00e4lt keine Konservierungsstoffe &#8211; jetzt stark preisreduziert bestellen!<\/p>\n","protected":false},"featured_media":19134,"template":"","meta":{"_acf_changed":false},"product_brand":[],"product_cat":[799],"product_tag":[],"class_list":{"0":"post-19132","1":"product","2":"type-product","3":"status-publish","4":"has-post-thumbnail","6":"product_cat-v","7":"pa_packungsgroesse-500ml","9":"first","10":"instock","11":"shipping-taxable","12":"purchasable","13":"product-type-simple"},"acf":[],"_links":{"self":[{"href":"https:\/\/www.ernstbrunn-apotheke.at\/katalog\/wp-json\/wp\/v2\/product\/19132","targetHints":{"allow":["GET"]}}],"collection":[{"href":"https:\/\/www.ernstbrunn-apotheke.at\/katalog\/wp-json\/wp\/v2\/product"}],"about":[{"href":"https:\/\/www.ernstbrunn-apotheke.at\/katalog\/wp-json\/wp\/v2\/types\/product"}],"wp:featuredmedia":[{"embeddable":true,"href":"https:\/\/www.ernstbrunn-apotheke.at\/katalog\/wp-json\/wp\/v2\/media\/19134"}],"wp:attachment":[{"href":"https:\/\/www.ernstbrunn-apotheke.at\/katalog\/wp-json\/wp\/v2\/media?parent=19132"}],"wp:term":[{"taxonomy":"product_brand","embeddable":true,"href":"https:\/\/www.ernstbrunn-apotheke.at\/katalog\/wp-json\/wp\/v2\/product_brand?post=19132"},{"taxonomy":"product_cat","embeddable":true,"href":"https:\/\/www.ernstbrunn-apotheke.at\/katalog\/wp-json\/wp\/v2\/product_cat?post=19132"},{"taxonomy":"product_tag","embeddable":true,"href":"https:\/\/www.ernstbrunn-apotheke.at\/katalog\/wp-json\/wp\/v2\/product_tag?post=19132"}],"curies":[{"name":"wp","href":"https:\/\/api.w.org\/{rel}","templated":true}]}}