{"id":18913,"date":"2025-11-07T21:41:23","date_gmt":"2025-11-07T20:41:23","guid":{"rendered":"https:\/\/www.ernstbrunn-apotheke.at\/katalog\/produkt\/melasan-dermasan-nachtkerzen-oel-kapseln-60-stk\/"},"modified":"2025-12-08T14:13:08","modified_gmt":"2025-12-08T13:13:08","slug":"melasan-dermasan-nachtkerzen-oel-kapseln-60-stk","status":"publish","type":"product","link":"https:\/\/www.ernstbrunn-apotheke.at\/katalog\/produkt\/melasan-dermasan-nachtkerzen-oel-kapseln-60-stk\/","title":{"rendered":"Melasan Dermasan Nachtkerzen \u00d6l Kapseln 60 Stk."},"content":{"rendered":"<p>Melasan Dermasan Nachtkerzen \u00d6l Kapseln 60 Stk. mit der seltenen Gamma-Linolens\u00e4ure und Vitamin E k\u00f6nnen das Erscheinungsbild der Haut nachhaltig verbessern. Das aus den Samen der nordamerikanischen Nachtkerze (Oenothera biennis) kaltgepresste \u00d6l zeichnet sich durch seine besondere Fetts\u00e4urezusammensetzung aus. Dieses Produkt erhalten Sie in den Packungsgr\u00f6\u00dfen 60 Stk. und 180 Stk..<\/p>\n","protected":false},"excerpt":{"rendered":"<p>Melasan Dermasan Nachtkerzen \u00d6l Kapseln 60 Stk. mit der seltenen Gamma-Linolens\u00e4ure und Vitamin E k\u00f6nnen das Erscheinungsbild der Haut nachhaltig verbessern. Das aus den Samen der nordamerikanischen Nachtkerze (Oenothera biennis) kaltgepresste \u00d6l zeichnet sich durch seine besondere Fetts\u00e4urezusammensetzung aus. Dieses Produkt erhalten Sie in den Packungsgr\u00f6\u00dfen 60 Stk. und 180 Stk..<\/p>\n","protected":false},"featured_media":18915,"template":"","meta":{"_acf_changed":false},"product_brand":[373],"product_cat":[800],"product_tag":[],"class_list":{"0":"post-18913","1":"product","2":"type-product","3":"status-publish","4":"has-post-thumbnail","6":"product_brand-melasan","7":"product_cat-m","8":"pa_packungsgroesse-180-stueck","9":"pa_packungsgroesse-60-stueck","11":"first","12":"instock","13":"shipping-taxable","14":"purchasable","15":"product-type-simple"},"acf":[],"_links":{"self":[{"href":"https:\/\/www.ernstbrunn-apotheke.at\/katalog\/wp-json\/wp\/v2\/product\/18913","targetHints":{"allow":["GET"]}}],"collection":[{"href":"https:\/\/www.ernstbrunn-apotheke.at\/katalog\/wp-json\/wp\/v2\/product"}],"about":[{"href":"https:\/\/www.ernstbrunn-apotheke.at\/katalog\/wp-json\/wp\/v2\/types\/product"}],"wp:featuredmedia":[{"embeddable":true,"href":"https:\/\/www.ernstbrunn-apotheke.at\/katalog\/wp-json\/wp\/v2\/media\/18915"}],"wp:attachment":[{"href":"https:\/\/www.ernstbrunn-apotheke.at\/katalog\/wp-json\/wp\/v2\/media?parent=18913"}],"wp:term":[{"taxonomy":"product_brand","embeddable":true,"href":"https:\/\/www.ernstbrunn-apotheke.at\/katalog\/wp-json\/wp\/v2\/product_brand?post=18913"},{"taxonomy":"product_cat","embeddable":true,"href":"https:\/\/www.ernstbrunn-apotheke.at\/katalog\/wp-json\/wp\/v2\/product_cat?post=18913"},{"taxonomy":"product_tag","embeddable":true,"href":"https:\/\/www.ernstbrunn-apotheke.at\/katalog\/wp-json\/wp\/v2\/product_tag?post=18913"}],"curies":[{"name":"wp","href":"https:\/\/api.w.org\/{rel}","templated":true}]}}