{"id":18894,"date":"2025-11-07T21:41:23","date_gmt":"2025-11-07T20:41:23","guid":{"rendered":"https:\/\/www.ernstbrunn-apotheke.at\/katalog\/produkt\/algavital-nardenoel-10-ml\/"},"modified":"2025-12-08T14:13:03","modified_gmt":"2025-12-08T13:13:03","slug":"algavital-nardenoel-10-ml","status":"publish","type":"product","link":"https:\/\/www.ernstbrunn-apotheke.at\/katalog\/produkt\/algavital-nardenoel-10-ml\/","title":{"rendered":"Algavital Narden\u00f6l 10 ml"},"content":{"rendered":"<p>Algavital Narden\u00f6l wirkt ausgleichend auf alle Organe, besonders auf Herz und Nervensystem. Essentielle \u00d6le sind die Essenz der Pflanze und seit Jahrtausenden f\u00fcr tiefgreifende Anwendungen bekannt.<\/p>\n","protected":false},"excerpt":{"rendered":"<p>Algavital Narden\u00f6l wirkt ausgleichend auf alle Organe, besonders auf Herz und Nervensystem. Essentielle \u00d6le sind die Essenz der Pflanze und seit Jahrtausenden f\u00fcr tiefgreifende Anwendungen bekannt.<\/p>\n","protected":false},"featured_media":18896,"template":"","meta":{"_acf_changed":false},"product_brand":[],"product_cat":[801],"product_tag":[],"class_list":{"0":"post-18894","1":"product","2":"type-product","3":"status-publish","4":"has-post-thumbnail","6":"product_cat-a","7":"pa_packungsgroesse-10ml","9":"first","10":"instock","11":"shipping-taxable","12":"purchasable","13":"product-type-simple"},"acf":[],"_links":{"self":[{"href":"https:\/\/www.ernstbrunn-apotheke.at\/katalog\/wp-json\/wp\/v2\/product\/18894","targetHints":{"allow":["GET"]}}],"collection":[{"href":"https:\/\/www.ernstbrunn-apotheke.at\/katalog\/wp-json\/wp\/v2\/product"}],"about":[{"href":"https:\/\/www.ernstbrunn-apotheke.at\/katalog\/wp-json\/wp\/v2\/types\/product"}],"wp:featuredmedia":[{"embeddable":true,"href":"https:\/\/www.ernstbrunn-apotheke.at\/katalog\/wp-json\/wp\/v2\/media\/18896"}],"wp:attachment":[{"href":"https:\/\/www.ernstbrunn-apotheke.at\/katalog\/wp-json\/wp\/v2\/media?parent=18894"}],"wp:term":[{"taxonomy":"product_brand","embeddable":true,"href":"https:\/\/www.ernstbrunn-apotheke.at\/katalog\/wp-json\/wp\/v2\/product_brand?post=18894"},{"taxonomy":"product_cat","embeddable":true,"href":"https:\/\/www.ernstbrunn-apotheke.at\/katalog\/wp-json\/wp\/v2\/product_cat?post=18894"},{"taxonomy":"product_tag","embeddable":true,"href":"https:\/\/www.ernstbrunn-apotheke.at\/katalog\/wp-json\/wp\/v2\/product_tag?post=18894"}],"curies":[{"name":"wp","href":"https:\/\/api.w.org\/{rel}","templated":true}]}}