{"id":18796,"date":"2025-11-07T19:04:24","date_gmt":"2025-11-07T18:04:24","guid":{"rendered":"https:\/\/www.ernstbrunn-apotheke.at\/katalog\/produkt\/damiana-filmtabletten-225mg\/"},"modified":"2025-12-08T14:07:05","modified_gmt":"2025-12-08T13:07:05","slug":"damiana-filmtabletten-225mg","status":"publish","type":"product","link":"https:\/\/www.ernstbrunn-apotheke.at\/katalog\/produkt\/damiana-filmtabletten-225mg\/","title":{"rendered":"Damiana Filmtabletten 225mg"},"content":{"rendered":"<p>Dr. B\u00f6hm Damiana Filmtabletten 225 mg sind ein Aphrodisiakum zur Luststeigerung bei nachlassendem sexuellen Verlangen. Damiana hilft, dem Lustgef\u00fchl wieder auf die Spr\u00fcnge. Das rein pflanzliche und rezeptfreie Aphrodisiakum f\u00fcr Frauen ist die perfekte Starthilfe. Das Verlangen wird gesteigert und das Empfinden der Erregung intensiviert &#8211; jetzt in Ihrer Onlineapotheke bestellen!<\/p>\n","protected":false},"excerpt":{"rendered":"<p>Dr. B\u00f6hm Damiana Filmtabletten 225 mg sind ein Aphrodisiakum zur Luststeigerung bei nachlassendem sexuellen Verlangen. Damiana hilft, dem Lustgef\u00fchl wieder auf die Spr\u00fcnge. Das rein pflanzliche und rezeptfreie Aphrodisiakum f\u00fcr Frauen ist die perfekte Starthilfe. Das Verlangen wird gesteigert und das Empfinden der Erregung intensiviert &#8211; jetzt in Ihrer Onlineapotheke bestellen!<\/p>\n","protected":false},"featured_media":18798,"template":"","meta":{"_acf_changed":false},"product_brand":[365],"product_cat":[792],"product_tag":[],"class_list":{"0":"post-18796","1":"product","2":"type-product","3":"status-publish","4":"has-post-thumbnail","6":"product_brand-dr-boehm","7":"product_cat-d","8":"pa_packungsgroesse-60-stueck","10":"first","11":"instock","12":"shipping-taxable","13":"purchasable","14":"product-type-simple"},"acf":[],"_links":{"self":[{"href":"https:\/\/www.ernstbrunn-apotheke.at\/katalog\/wp-json\/wp\/v2\/product\/18796","targetHints":{"allow":["GET"]}}],"collection":[{"href":"https:\/\/www.ernstbrunn-apotheke.at\/katalog\/wp-json\/wp\/v2\/product"}],"about":[{"href":"https:\/\/www.ernstbrunn-apotheke.at\/katalog\/wp-json\/wp\/v2\/types\/product"}],"wp:featuredmedia":[{"embeddable":true,"href":"https:\/\/www.ernstbrunn-apotheke.at\/katalog\/wp-json\/wp\/v2\/media\/18798"}],"wp:attachment":[{"href":"https:\/\/www.ernstbrunn-apotheke.at\/katalog\/wp-json\/wp\/v2\/media?parent=18796"}],"wp:term":[{"taxonomy":"product_brand","embeddable":true,"href":"https:\/\/www.ernstbrunn-apotheke.at\/katalog\/wp-json\/wp\/v2\/product_brand?post=18796"},{"taxonomy":"product_cat","embeddable":true,"href":"https:\/\/www.ernstbrunn-apotheke.at\/katalog\/wp-json\/wp\/v2\/product_cat?post=18796"},{"taxonomy":"product_tag","embeddable":true,"href":"https:\/\/www.ernstbrunn-apotheke.at\/katalog\/wp-json\/wp\/v2\/product_tag?post=18796"}],"curies":[{"name":"wp","href":"https:\/\/api.w.org\/{rel}","templated":true}]}}