{"id":18644,"date":"2025-11-07T19:02:02","date_gmt":"2025-11-07T18:02:02","guid":{"rendered":"https:\/\/www.ernstbrunn-apotheke.at\/katalog\/produkt\/collagen-drink-pulver-fuer-die-haut-300-g\/"},"modified":"2025-12-08T14:06:26","modified_gmt":"2025-12-08T13:06:26","slug":"collagen-drink-pulver-fuer-die-haut-300-g","status":"publish","type":"product","link":"https:\/\/www.ernstbrunn-apotheke.at\/katalog\/produkt\/collagen-drink-pulver-fuer-die-haut-300-g\/","title":{"rendered":"Collagen Drink Pulver f\u00fcr die Haut 300 g"},"content":{"rendered":"<p>Collagen Trinkpuler enth\u00e4lt Zink und dient zur Erhaltung normaler Haut. Im menschlichen K\u00f6rper ist Collagen mit \u00fcber 30 % Anteil an der Gesamtmasse aller Proteine das h\u00e4ufigst vorkommende Eiweiss. Es ist ein wesentlicher organischer Bestandteil des Bindegewebes und der Haut  jetzt online bestellen > durch GRATIS Lieferung* bares Geld sparen!<\/p>\n","protected":false},"excerpt":{"rendered":"<p>Collagen Trinkpuler enth\u00e4lt Zink und dient zur Erhaltung normaler Haut. Im menschlichen K\u00f6rper ist Collagen mit \u00fcber 30 % Anteil an der Gesamtmasse aller Proteine das h\u00e4ufigst vorkommende Eiweiss. Es ist ein wesentlicher organischer Bestandteil des Bindegewebes und der Haut jetzt online bestellen > durch GRATIS Lieferung* bares Geld sparen!<\/p>\n","protected":false},"featured_media":18646,"template":"","meta":{"_acf_changed":false},"product_brand":[],"product_cat":[812],"product_tag":[],"class_list":{"0":"post-18644","1":"product","2":"type-product","3":"status-publish","4":"has-post-thumbnail","6":"product_cat-c","7":"pa_packungsgroesse-300g","9":"first","10":"instock","11":"shipping-taxable","12":"purchasable","13":"product-type-simple"},"acf":[],"_links":{"self":[{"href":"https:\/\/www.ernstbrunn-apotheke.at\/katalog\/wp-json\/wp\/v2\/product\/18644","targetHints":{"allow":["GET"]}}],"collection":[{"href":"https:\/\/www.ernstbrunn-apotheke.at\/katalog\/wp-json\/wp\/v2\/product"}],"about":[{"href":"https:\/\/www.ernstbrunn-apotheke.at\/katalog\/wp-json\/wp\/v2\/types\/product"}],"wp:featuredmedia":[{"embeddable":true,"href":"https:\/\/www.ernstbrunn-apotheke.at\/katalog\/wp-json\/wp\/v2\/media\/18646"}],"wp:attachment":[{"href":"https:\/\/www.ernstbrunn-apotheke.at\/katalog\/wp-json\/wp\/v2\/media?parent=18644"}],"wp:term":[{"taxonomy":"product_brand","embeddable":true,"href":"https:\/\/www.ernstbrunn-apotheke.at\/katalog\/wp-json\/wp\/v2\/product_brand?post=18644"},{"taxonomy":"product_cat","embeddable":true,"href":"https:\/\/www.ernstbrunn-apotheke.at\/katalog\/wp-json\/wp\/v2\/product_cat?post=18644"},{"taxonomy":"product_tag","embeddable":true,"href":"https:\/\/www.ernstbrunn-apotheke.at\/katalog\/wp-json\/wp\/v2\/product_tag?post=18644"}],"curies":[{"name":"wp","href":"https:\/\/api.w.org\/{rel}","templated":true}]}}