{"id":18579,"date":"2025-11-07T19:00:46","date_gmt":"2025-11-07T18:00:46","guid":{"rendered":"https:\/\/www.ernstbrunn-apotheke.at\/katalog\/produkt\/life-light-kapseln-resveratrol-60-stk\/"},"modified":"2025-12-08T14:06:11","modified_gmt":"2025-12-08T13:06:11","slug":"life-light-kapseln-resveratrol-60-stk","status":"publish","type":"product","link":"https:\/\/www.ernstbrunn-apotheke.at\/katalog\/produkt\/life-light-kapseln-resveratrol-60-stk\/","title":{"rendered":"Life Light Kapseln Resveratrol 60 Stk."},"content":{"rendered":"<p>Life Light Kapseln Resveratrol unterst\u00fctzen die Funktinen von Herz und Gef\u00e4\u00dfen. Der orthomolekularer Resveratrol-Extrakt mit 95% stabilem Trans-Resveratrol in synergistischer Kombination enth\u00e4lt pflanzliches Anthocyanen, OPC, Quercitin und Rutin sowie das Spurenelement Zink, das zum Schutz der Zellen vor oxidativem Stress beitr\u00e4gt.<\/p>\n","protected":false},"excerpt":{"rendered":"<p>Life Light Kapseln Resveratrol unterst\u00fctzen die Funktinen von Herz und Gef\u00e4\u00dfen. Der orthomolekularer Resveratrol-Extrakt mit 95% stabilem Trans-Resveratrol in synergistischer Kombination enth\u00e4lt pflanzliches Anthocyanen, OPC, Quercitin und Rutin sowie das Spurenelement Zink, das zum Schutz der Zellen vor oxidativem Stress beitr\u00e4gt.<\/p>\n","protected":false},"featured_media":18581,"template":"","meta":{"_acf_changed":false},"product_brand":[],"product_cat":[795],"product_tag":[],"class_list":{"0":"post-18579","1":"product","2":"type-product","3":"status-publish","4":"has-post-thumbnail","6":"product_cat-l","7":"pa_packungsgroesse-60-stueck","9":"first","10":"instock","11":"shipping-taxable","12":"purchasable","13":"product-type-simple"},"acf":[],"_links":{"self":[{"href":"https:\/\/www.ernstbrunn-apotheke.at\/katalog\/wp-json\/wp\/v2\/product\/18579","targetHints":{"allow":["GET"]}}],"collection":[{"href":"https:\/\/www.ernstbrunn-apotheke.at\/katalog\/wp-json\/wp\/v2\/product"}],"about":[{"href":"https:\/\/www.ernstbrunn-apotheke.at\/katalog\/wp-json\/wp\/v2\/types\/product"}],"wp:featuredmedia":[{"embeddable":true,"href":"https:\/\/www.ernstbrunn-apotheke.at\/katalog\/wp-json\/wp\/v2\/media\/18581"}],"wp:attachment":[{"href":"https:\/\/www.ernstbrunn-apotheke.at\/katalog\/wp-json\/wp\/v2\/media?parent=18579"}],"wp:term":[{"taxonomy":"product_brand","embeddable":true,"href":"https:\/\/www.ernstbrunn-apotheke.at\/katalog\/wp-json\/wp\/v2\/product_brand?post=18579"},{"taxonomy":"product_cat","embeddable":true,"href":"https:\/\/www.ernstbrunn-apotheke.at\/katalog\/wp-json\/wp\/v2\/product_cat?post=18579"},{"taxonomy":"product_tag","embeddable":true,"href":"https:\/\/www.ernstbrunn-apotheke.at\/katalog\/wp-json\/wp\/v2\/product_tag?post=18579"}],"curies":[{"name":"wp","href":"https:\/\/api.w.org\/{rel}","templated":true}]}}