{"id":18502,"date":"2025-11-07T18:58:58","date_gmt":"2025-11-07T17:58:58","guid":{"rendered":"https:\/\/www.ernstbrunn-apotheke.at\/katalog\/produkt\/astaxanthin-4mg-kapseln-2\/"},"modified":"2025-12-08T14:05:55","modified_gmt":"2025-12-08T13:05:55","slug":"astaxanthin-4mg-kapseln-2","status":"publish","type":"product","link":"https:\/\/www.ernstbrunn-apotheke.at\/katalog\/produkt\/astaxanthin-4mg-kapseln-2\/","title":{"rendered":"Astaxanthin 4mg Kapseln"},"content":{"rendered":"<p>Gall Pharma Astaxanthin 4 mg Kapseln 90 Stk. machen stressresistent, beugen Herzkrankheiten vor, lindern chronische Entz\u00fcndungsprozesse, reduzieren Gelenkschmerzen und sch\u00fctzen die Haut &#8211; auch vor Falten &#8211; auf nat\u00fcrliche Weise vor der Sonne. Durch Zufuhr von Astaxanthin als Nahrungserg\u00e4nzungsmittel k\u00f6nnen wichtige Zellstrukturen in der Haut wie das Kollagenger\u00fcst gesch\u00fctzt und die Hautalterung reduziert werden und UV-bedingte Entz\u00fcndungsreaktionen wie Sonnenbrand abgemildert werden. Auch bei der Aus\u00fcbung von Sport ist Astaxanthin von Bedeutung, denn durch dessen Zufuhr ist es m\u00f6glich, die Muskelausdauer zu verbessern \u2013 profitieren Sie von hohen Rabatten und dem gro\u00dfen Sortiment einer Standortapotheke!<\/p>\n","protected":false},"excerpt":{"rendered":"<p>Gall Pharma Astaxanthin 4 mg Kapseln 90 Stk. machen stressresistent, beugen Herzkrankheiten vor, lindern chronische Entz\u00fcndungsprozesse, reduzieren Gelenkschmerzen und sch\u00fctzen die Haut &#8211; auch vor Falten &#8211; auf nat\u00fcrliche Weise vor der Sonne. Durch Zufuhr von Astaxanthin als Nahrungserg\u00e4nzungsmittel k\u00f6nnen wichtige Zellstrukturen in der Haut wie das Kollagenger\u00fcst gesch\u00fctzt und die Hautalterung reduziert werden und [&hellip;]<\/p>\n","protected":false},"featured_media":18504,"template":"","meta":{"_acf_changed":false},"product_brand":[371],"product_cat":[801],"product_tag":[],"class_list":{"0":"post-18502","1":"product","2":"type-product","3":"status-publish","4":"has-post-thumbnail","6":"product_brand-gall-pharma","7":"product_cat-a","8":"pa_packungsgroesse-90-stueck","10":"first","11":"instock","12":"shipping-taxable","13":"purchasable","14":"product-type-simple"},"acf":[],"_links":{"self":[{"href":"https:\/\/www.ernstbrunn-apotheke.at\/katalog\/wp-json\/wp\/v2\/product\/18502","targetHints":{"allow":["GET"]}}],"collection":[{"href":"https:\/\/www.ernstbrunn-apotheke.at\/katalog\/wp-json\/wp\/v2\/product"}],"about":[{"href":"https:\/\/www.ernstbrunn-apotheke.at\/katalog\/wp-json\/wp\/v2\/types\/product"}],"wp:featuredmedia":[{"embeddable":true,"href":"https:\/\/www.ernstbrunn-apotheke.at\/katalog\/wp-json\/wp\/v2\/media\/18504"}],"wp:attachment":[{"href":"https:\/\/www.ernstbrunn-apotheke.at\/katalog\/wp-json\/wp\/v2\/media?parent=18502"}],"wp:term":[{"taxonomy":"product_brand","embeddable":true,"href":"https:\/\/www.ernstbrunn-apotheke.at\/katalog\/wp-json\/wp\/v2\/product_brand?post=18502"},{"taxonomy":"product_cat","embeddable":true,"href":"https:\/\/www.ernstbrunn-apotheke.at\/katalog\/wp-json\/wp\/v2\/product_cat?post=18502"},{"taxonomy":"product_tag","embeddable":true,"href":"https:\/\/www.ernstbrunn-apotheke.at\/katalog\/wp-json\/wp\/v2\/product_tag?post=18502"}],"curies":[{"name":"wp","href":"https:\/\/api.w.org\/{rel}","templated":true}]}}