{"id":18267,"date":"2025-11-07T18:54:35","date_gmt":"2025-11-07T17:54:35","guid":{"rendered":"https:\/\/www.ernstbrunn-apotheke.at\/katalog\/produkt\/zell-oxygen-trituration-gelee-royal-280-ml-1-000-mg\/"},"modified":"2025-12-08T14:04:37","modified_gmt":"2025-12-08T13:04:37","slug":"zell-oxygen-trituration-gelee-royal-280-ml-1-000-mg","status":"publish","type":"product","link":"https:\/\/www.ernstbrunn-apotheke.at\/katalog\/produkt\/zell-oxygen-trituration-gelee-royal-280-ml-1-000-mg\/","title":{"rendered":"Zell oxygen Trituration + Gelee Royal 280 ml 1.000 mg"},"content":{"rendered":"<p>Zell oxygen Trituration + Gelee Royal ist die einzigartige Kombination der Enzym-Hefezellen Dr. Wolz\u00ae mit der Kraft aus dem Bienenstock. Die Kombination der Enzym-Hefezellen Dr. Wolz\u00ae mit Gel\u00e9e Royale und ausgew\u00e4hlten B-Vitaminen wird gerne von Menschen zur Wiederherstellung ihrer k\u00f6rperlichen Kr\u00e4fte nach Krankheit, bei Ersch\u00f6pfung und M\u00fcdigkeit kurm\u00e4\u00dfig oder sogar im Dauergebrauch angewendet. Erh\u00e4ltlich in den Varianten 600mg und 1000mg.<\/p>\n","protected":false},"excerpt":{"rendered":"<p>Zell oxygen Trituration + Gelee Royal ist die einzigartige Kombination der Enzym-Hefezellen Dr. Wolz\u00ae mit der Kraft aus dem Bienenstock. Die Kombination der Enzym-Hefezellen Dr. Wolz\u00ae mit Gel\u00e9e Royale und ausgew\u00e4hlten B-Vitaminen wird gerne von Menschen zur Wiederherstellung ihrer k\u00f6rperlichen Kr\u00e4fte nach Krankheit, bei Ersch\u00f6pfung und M\u00fcdigkeit kurm\u00e4\u00dfig oder sogar im Dauergebrauch angewendet. Erh\u00e4ltlich in [&hellip;]<\/p>\n","protected":false},"featured_media":18269,"template":"","meta":{"_acf_changed":false},"product_brand":[],"product_cat":[803],"product_tag":[],"class_list":{"0":"post-18267","1":"product","2":"type-product","3":"status-publish","4":"has-post-thumbnail","6":"product_cat-z","7":"pa_packungsgroesse-14-stueck","9":"first","10":"instock","11":"shipping-taxable","12":"purchasable","13":"product-type-simple"},"acf":[],"_links":{"self":[{"href":"https:\/\/www.ernstbrunn-apotheke.at\/katalog\/wp-json\/wp\/v2\/product\/18267","targetHints":{"allow":["GET"]}}],"collection":[{"href":"https:\/\/www.ernstbrunn-apotheke.at\/katalog\/wp-json\/wp\/v2\/product"}],"about":[{"href":"https:\/\/www.ernstbrunn-apotheke.at\/katalog\/wp-json\/wp\/v2\/types\/product"}],"wp:featuredmedia":[{"embeddable":true,"href":"https:\/\/www.ernstbrunn-apotheke.at\/katalog\/wp-json\/wp\/v2\/media\/18269"}],"wp:attachment":[{"href":"https:\/\/www.ernstbrunn-apotheke.at\/katalog\/wp-json\/wp\/v2\/media?parent=18267"}],"wp:term":[{"taxonomy":"product_brand","embeddable":true,"href":"https:\/\/www.ernstbrunn-apotheke.at\/katalog\/wp-json\/wp\/v2\/product_brand?post=18267"},{"taxonomy":"product_cat","embeddable":true,"href":"https:\/\/www.ernstbrunn-apotheke.at\/katalog\/wp-json\/wp\/v2\/product_cat?post=18267"},{"taxonomy":"product_tag","embeddable":true,"href":"https:\/\/www.ernstbrunn-apotheke.at\/katalog\/wp-json\/wp\/v2\/product_tag?post=18267"}],"curies":[{"name":"wp","href":"https:\/\/api.w.org\/{rel}","templated":true}]}}