{"id":17436,"date":"2025-11-07T18:40:14","date_gmt":"2025-11-07T17:40:14","guid":{"rendered":"https:\/\/www.ernstbrunn-apotheke.at\/katalog\/produkt\/hafesan-brennessel-250-mg-kapseln-75-stk\/"},"modified":"2025-12-08T13:59:48","modified_gmt":"2025-12-08T12:59:48","slug":"hafesan-brennessel-250-mg-kapseln-75-stk","status":"publish","type":"product","link":"https:\/\/www.ernstbrunn-apotheke.at\/katalog\/produkt\/hafesan-brennessel-250-mg-kapseln-75-stk\/","title":{"rendered":"Hafesan Brennessel 250 mg Kapseln 75 Stk."},"content":{"rendered":"<p>Nat\u00fcrliche reinigung von innen.Von den Inhaltsstoffen ist die Ameisens\u00e4ure am bekanntesten. Die Wirkung von Brennessel beruht vor allem darauf, dass Schlackenstoffe aus dem K\u00f6rper ausgeschwemmt werden.<\/p>\n","protected":false},"excerpt":{"rendered":"<p>Nat\u00fcrliche reinigung von innen.Von den Inhaltsstoffen ist die Ameisens\u00e4ure am bekanntesten. Die Wirkung von Brennessel beruht vor allem darauf, dass Schlackenstoffe aus dem K\u00f6rper ausgeschwemmt werden.<\/p>\n","protected":false},"featured_media":17438,"template":"","meta":{"_acf_changed":false},"product_brand":[376],"product_cat":[805],"product_tag":[],"class_list":{"0":"post-17436","1":"product","2":"type-product","3":"status-publish","4":"has-post-thumbnail","6":"product_brand-hafesan","7":"product_cat-h","8":"pa_packungsgroesse-75-stueck","10":"first","11":"instock","12":"shipping-taxable","13":"purchasable","14":"product-type-simple"},"acf":[],"_links":{"self":[{"href":"https:\/\/www.ernstbrunn-apotheke.at\/katalog\/wp-json\/wp\/v2\/product\/17436","targetHints":{"allow":["GET"]}}],"collection":[{"href":"https:\/\/www.ernstbrunn-apotheke.at\/katalog\/wp-json\/wp\/v2\/product"}],"about":[{"href":"https:\/\/www.ernstbrunn-apotheke.at\/katalog\/wp-json\/wp\/v2\/types\/product"}],"wp:featuredmedia":[{"embeddable":true,"href":"https:\/\/www.ernstbrunn-apotheke.at\/katalog\/wp-json\/wp\/v2\/media\/17438"}],"wp:attachment":[{"href":"https:\/\/www.ernstbrunn-apotheke.at\/katalog\/wp-json\/wp\/v2\/media?parent=17436"}],"wp:term":[{"taxonomy":"product_brand","embeddable":true,"href":"https:\/\/www.ernstbrunn-apotheke.at\/katalog\/wp-json\/wp\/v2\/product_brand?post=17436"},{"taxonomy":"product_cat","embeddable":true,"href":"https:\/\/www.ernstbrunn-apotheke.at\/katalog\/wp-json\/wp\/v2\/product_cat?post=17436"},{"taxonomy":"product_tag","embeddable":true,"href":"https:\/\/www.ernstbrunn-apotheke.at\/katalog\/wp-json\/wp\/v2\/product_tag?post=17436"}],"curies":[{"name":"wp","href":"https:\/\/api.w.org\/{rel}","templated":true}]}}