{"id":17011,"date":"2025-11-07T18:33:23","date_gmt":"2025-11-07T17:33:23","guid":{"rendered":"https:\/\/www.ernstbrunn-apotheke.at\/katalog\/produkt\/hysan-schnupfenspray-10-ml\/"},"modified":"2025-12-08T13:58:10","modified_gmt":"2025-12-08T12:58:10","slug":"hysan-schnupfenspray-10-ml","status":"publish","type":"product","link":"https:\/\/www.ernstbrunn-apotheke.at\/katalog\/produkt\/hysan-schnupfenspray-10-ml\/","title":{"rendered":"Hysan Schnupfenspray 10 ml"},"content":{"rendered":"<p>Hysan\u00ae Schnupfenspray \u2013 sorgt f\u00fcr freies Atmen: Der Wirkstoff Xylometazolin in hysan\u00ae Schnupfenspray (f\u00fcr Erwachsene und Schulkinder) sorgt f\u00fcr ein schnelles und zuverl\u00e4ssiges Abschwellen der Nasenschleimhaut. Bereits nach wenigen Minuten ist wieder freies Atmen m\u00f6glich. Es entsteht Raum f\u00fcr den Abfluss des z\u00e4hen Schleims. Dies beugt einer bakteriellen Infektion vor und kann vielfach eine Antibiotikabehandlung vermeiden.<\/p>\n","protected":false},"excerpt":{"rendered":"<p>Hysan\u00ae Schnupfenspray \u2013 sorgt f\u00fcr freies Atmen: Der Wirkstoff Xylometazolin in hysan\u00ae Schnupfenspray (f\u00fcr Erwachsene und Schulkinder) sorgt f\u00fcr ein schnelles und zuverl\u00e4ssiges Abschwellen der Nasenschleimhaut. Bereits nach wenigen Minuten ist wieder freies Atmen m\u00f6glich. Es entsteht Raum f\u00fcr den Abfluss des z\u00e4hen Schleims. Dies beugt einer bakteriellen Infektion vor und kann vielfach eine Antibiotikabehandlung [&hellip;]<\/p>\n","protected":false},"featured_media":17013,"template":"","meta":{"_acf_changed":false},"product_brand":[],"product_cat":[805],"product_tag":[],"class_list":{"0":"post-17011","1":"product","2":"type-product","3":"status-publish","4":"has-post-thumbnail","6":"product_cat-h","7":"pa_packungsgroesse-10ml","9":"first","10":"instock","11":"shipping-taxable","12":"purchasable","13":"product-type-simple"},"acf":[],"_links":{"self":[{"href":"https:\/\/www.ernstbrunn-apotheke.at\/katalog\/wp-json\/wp\/v2\/product\/17011","targetHints":{"allow":["GET"]}}],"collection":[{"href":"https:\/\/www.ernstbrunn-apotheke.at\/katalog\/wp-json\/wp\/v2\/product"}],"about":[{"href":"https:\/\/www.ernstbrunn-apotheke.at\/katalog\/wp-json\/wp\/v2\/types\/product"}],"wp:featuredmedia":[{"embeddable":true,"href":"https:\/\/www.ernstbrunn-apotheke.at\/katalog\/wp-json\/wp\/v2\/media\/17013"}],"wp:attachment":[{"href":"https:\/\/www.ernstbrunn-apotheke.at\/katalog\/wp-json\/wp\/v2\/media?parent=17011"}],"wp:term":[{"taxonomy":"product_brand","embeddable":true,"href":"https:\/\/www.ernstbrunn-apotheke.at\/katalog\/wp-json\/wp\/v2\/product_brand?post=17011"},{"taxonomy":"product_cat","embeddable":true,"href":"https:\/\/www.ernstbrunn-apotheke.at\/katalog\/wp-json\/wp\/v2\/product_cat?post=17011"},{"taxonomy":"product_tag","embeddable":true,"href":"https:\/\/www.ernstbrunn-apotheke.at\/katalog\/wp-json\/wp\/v2\/product_tag?post=17011"}],"curies":[{"name":"wp","href":"https:\/\/api.w.org\/{rel}","templated":true}]}}