{"id":16814,"date":"2025-11-07T18:30:07","date_gmt":"2025-11-07T17:30:07","guid":{"rendered":"https:\/\/www.ernstbrunn-apotheke.at\/katalog\/produkt\/nasivin-classic-005-nasentropfen-10-ml\/"},"modified":"2025-12-08T13:57:20","modified_gmt":"2025-12-08T12:57:20","slug":"nasivin-classic-005-nasentropfen-10-ml","status":"publish","type":"product","link":"https:\/\/www.ernstbrunn-apotheke.at\/katalog\/produkt\/nasivin-classic-005-nasentropfen-10-ml\/","title":{"rendered":"Nasivin Classic 0,05 % Nasentropfen 10 ml"},"content":{"rendered":"<p>Nasivin Classic ist ein Arzneimittel zur \u00f6rtlichen Behandlung des Schnupfens. Durch das Eintropfen der L\u00f6sung in beide Nasenl\u00f6cher schwillt die entz\u00fcndete Nasenschleimhaut ab und die \u00fcberm\u00e4\u00dfige Sekretabsonderung wird vermindert. Eine freie Atmung durch die Nase wird damit erm\u00f6glicht. Gleichzeitig wird eine Freihaltung der Ohrtrompeten und eine Abschwellung der Rachenschleimhaut bewirkt.<\/p>\n","protected":false},"excerpt":{"rendered":"<p>Nasivin Classic ist ein Arzneimittel zur \u00f6rtlichen Behandlung des Schnupfens. Durch das Eintropfen der L\u00f6sung in beide Nasenl\u00f6cher schwillt die entz\u00fcndete Nasenschleimhaut ab und die \u00fcberm\u00e4\u00dfige Sekretabsonderung wird vermindert. Eine freie Atmung durch die Nase wird damit erm\u00f6glicht. Gleichzeitig wird eine Freihaltung der Ohrtrompeten und eine Abschwellung der Rachenschleimhaut bewirkt.<\/p>\n","protected":false},"featured_media":16816,"template":"","meta":{"_acf_changed":false},"product_brand":[608],"product_cat":[797],"product_tag":[],"class_list":{"0":"post-16814","1":"product","2":"type-product","3":"status-publish","4":"has-post-thumbnail","6":"product_brand-nasivin","7":"product_cat-n","8":"pa_packungsgroesse-10ml","10":"first","11":"instock","12":"shipping-taxable","13":"purchasable","14":"product-type-simple"},"acf":[],"_links":{"self":[{"href":"https:\/\/www.ernstbrunn-apotheke.at\/katalog\/wp-json\/wp\/v2\/product\/16814","targetHints":{"allow":["GET"]}}],"collection":[{"href":"https:\/\/www.ernstbrunn-apotheke.at\/katalog\/wp-json\/wp\/v2\/product"}],"about":[{"href":"https:\/\/www.ernstbrunn-apotheke.at\/katalog\/wp-json\/wp\/v2\/types\/product"}],"wp:featuredmedia":[{"embeddable":true,"href":"https:\/\/www.ernstbrunn-apotheke.at\/katalog\/wp-json\/wp\/v2\/media\/16816"}],"wp:attachment":[{"href":"https:\/\/www.ernstbrunn-apotheke.at\/katalog\/wp-json\/wp\/v2\/media?parent=16814"}],"wp:term":[{"taxonomy":"product_brand","embeddable":true,"href":"https:\/\/www.ernstbrunn-apotheke.at\/katalog\/wp-json\/wp\/v2\/product_brand?post=16814"},{"taxonomy":"product_cat","embeddable":true,"href":"https:\/\/www.ernstbrunn-apotheke.at\/katalog\/wp-json\/wp\/v2\/product_cat?post=16814"},{"taxonomy":"product_tag","embeddable":true,"href":"https:\/\/www.ernstbrunn-apotheke.at\/katalog\/wp-json\/wp\/v2\/product_tag?post=16814"}],"curies":[{"name":"wp","href":"https:\/\/api.w.org\/{rel}","templated":true}]}}