{"id":16784,"date":"2025-11-07T18:29:10","date_gmt":"2025-11-07T17:29:10","guid":{"rendered":"https:\/\/www.ernstbrunn-apotheke.at\/katalog\/produkt\/vibrocil-nasenspray-20-ml\/"},"modified":"2025-12-08T13:57:06","modified_gmt":"2025-12-08T12:57:06","slug":"vibrocil-nasenspray-20-ml","status":"publish","type":"product","link":"https:\/\/www.ernstbrunn-apotheke.at\/katalog\/produkt\/vibrocil-nasenspray-20-ml\/","title":{"rendered":"Vibrocil Nasenspray 20 ml"},"content":{"rendered":"<p>Vibrocil Nasenspray ist ein Antihistaminikum, das die \u00fcberm\u00e4\u00dfige Sekretion vermindert und den l\u00e4stigen Niesreiz lindert. Das Produkt wird angewendet bei akutem Schnupfen zur Abschwellung der Nasenschleimhaut und Einschr\u00e4nkung des &#8222;Nasenrinnens&#8220;, pl\u00f6tzlicher Verschlimmerung eines chronischen, allergischen (z.B. Heuschnupfen) und nerv\u00f6sen Schnupfens sowie als Zusatzbehandlung bei Nasennebenh\u00f6hlenentz\u00fcndungen.<\/p>\n","protected":false},"excerpt":{"rendered":"<p>Vibrocil Nasenspray ist ein Antihistaminikum, das die \u00fcberm\u00e4\u00dfige Sekretion vermindert und den l\u00e4stigen Niesreiz lindert. Das Produkt wird angewendet bei akutem Schnupfen zur Abschwellung der Nasenschleimhaut und Einschr\u00e4nkung des &#8222;Nasenrinnens&#8220;, pl\u00f6tzlicher Verschlimmerung eines chronischen, allergischen (z.B. Heuschnupfen) und nerv\u00f6sen Schnupfens sowie als Zusatzbehandlung bei Nasennebenh\u00f6hlenentz\u00fcndungen.<\/p>\n","protected":false},"featured_media":16786,"template":"","meta":{"_acf_changed":false},"product_brand":[],"product_cat":[799],"product_tag":[],"class_list":{"0":"post-16784","1":"product","2":"type-product","3":"status-publish","4":"has-post-thumbnail","6":"product_cat-v","7":"pa_packungsgroesse-20ml","9":"first","10":"instock","11":"shipping-taxable","12":"purchasable","13":"product-type-simple"},"acf":[],"_links":{"self":[{"href":"https:\/\/www.ernstbrunn-apotheke.at\/katalog\/wp-json\/wp\/v2\/product\/16784","targetHints":{"allow":["GET"]}}],"collection":[{"href":"https:\/\/www.ernstbrunn-apotheke.at\/katalog\/wp-json\/wp\/v2\/product"}],"about":[{"href":"https:\/\/www.ernstbrunn-apotheke.at\/katalog\/wp-json\/wp\/v2\/types\/product"}],"wp:featuredmedia":[{"embeddable":true,"href":"https:\/\/www.ernstbrunn-apotheke.at\/katalog\/wp-json\/wp\/v2\/media\/16786"}],"wp:attachment":[{"href":"https:\/\/www.ernstbrunn-apotheke.at\/katalog\/wp-json\/wp\/v2\/media?parent=16784"}],"wp:term":[{"taxonomy":"product_brand","embeddable":true,"href":"https:\/\/www.ernstbrunn-apotheke.at\/katalog\/wp-json\/wp\/v2\/product_brand?post=16784"},{"taxonomy":"product_cat","embeddable":true,"href":"https:\/\/www.ernstbrunn-apotheke.at\/katalog\/wp-json\/wp\/v2\/product_cat?post=16784"},{"taxonomy":"product_tag","embeddable":true,"href":"https:\/\/www.ernstbrunn-apotheke.at\/katalog\/wp-json\/wp\/v2\/product_tag?post=16784"}],"curies":[{"name":"wp","href":"https:\/\/api.w.org\/{rel}","templated":true}]}}