{"id":16406,"date":"2025-11-07T18:24:10","date_gmt":"2025-11-07T17:24:10","guid":{"rendered":"https:\/\/www.ernstbrunn-apotheke.at\/katalog\/produkt\/dr-grubers-schwarzkuemmeloel-500mg-perlen\/"},"modified":"2025-12-08T13:55:15","modified_gmt":"2025-12-08T12:55:15","slug":"dr-grubers-schwarzkuemmeloel-500mg-perlen","status":"publish","type":"product","link":"https:\/\/www.ernstbrunn-apotheke.at\/katalog\/produkt\/dr-grubers-schwarzkuemmeloel-500mg-perlen\/","title":{"rendered":"Dr. Grubers Schwarzk\u00fcmmel\u00f6l 500mg Perlen"},"content":{"rendered":"<p class=\"MsoNormal\">Schwarzk\u00fcmmel\u00f6l enth\u00e4lt u.a. mehrfach unges\u00e4ttigte(essenzielle) Fetts\u00e4uren und tr\u00e4gt zur positiven Unterst\u00fctzung vielerK\u00f6rperfunktionen und des Immunsystems bei.<\/p>\n<p>3 Perlen enthalten 1.500 mg reines,kaltgepresstes original \u00e4gyptisches Nigella Sativa \u00d6l, das aus der Erstpressungstammt<\/p>\n","protected":false},"excerpt":{"rendered":"<p>Schwarzk\u00fcmmel\u00f6l enth\u00e4lt u.a. mehrfach unges\u00e4ttigte(essenzielle) Fetts\u00e4uren und tr\u00e4gt zur positiven Unterst\u00fctzung vielerK\u00f6rperfunktionen und des Immunsystems bei. 3 Perlen enthalten 1.500 mg reines,kaltgepresstes original \u00e4gyptisches Nigella Sativa \u00d6l, das aus der Erstpressungstammt<\/p>\n","protected":false},"featured_media":16408,"template":"","meta":{"_acf_changed":false},"product_brand":[],"product_cat":[792],"product_tag":[],"class_list":{"0":"post-16406","1":"product","2":"type-product","3":"status-publish","4":"has-post-thumbnail","6":"product_cat-d","7":"pa_farbe-gelb-orange","8":"pa_geschmack-neutral","9":"pa_packungsgroesse-80-stueck","11":"first","12":"instock","13":"shipping-taxable","14":"purchasable","15":"product-type-simple"},"acf":[],"_links":{"self":[{"href":"https:\/\/www.ernstbrunn-apotheke.at\/katalog\/wp-json\/wp\/v2\/product\/16406","targetHints":{"allow":["GET"]}}],"collection":[{"href":"https:\/\/www.ernstbrunn-apotheke.at\/katalog\/wp-json\/wp\/v2\/product"}],"about":[{"href":"https:\/\/www.ernstbrunn-apotheke.at\/katalog\/wp-json\/wp\/v2\/types\/product"}],"wp:featuredmedia":[{"embeddable":true,"href":"https:\/\/www.ernstbrunn-apotheke.at\/katalog\/wp-json\/wp\/v2\/media\/16408"}],"wp:attachment":[{"href":"https:\/\/www.ernstbrunn-apotheke.at\/katalog\/wp-json\/wp\/v2\/media?parent=16406"}],"wp:term":[{"taxonomy":"product_brand","embeddable":true,"href":"https:\/\/www.ernstbrunn-apotheke.at\/katalog\/wp-json\/wp\/v2\/product_brand?post=16406"},{"taxonomy":"product_cat","embeddable":true,"href":"https:\/\/www.ernstbrunn-apotheke.at\/katalog\/wp-json\/wp\/v2\/product_cat?post=16406"},{"taxonomy":"product_tag","embeddable":true,"href":"https:\/\/www.ernstbrunn-apotheke.at\/katalog\/wp-json\/wp\/v2\/product_tag?post=16406"}],"curies":[{"name":"wp","href":"https:\/\/api.w.org\/{rel}","templated":true}]}}