{"id":16302,"date":"2025-11-07T18:22:18","date_gmt":"2025-11-07T17:22:18","guid":{"rendered":"https:\/\/www.ernstbrunn-apotheke.at\/katalog\/produkt\/citrobiotic-grapefruitkernextrakt-100-stk-tabletten\/"},"modified":"2025-12-08T13:54:49","modified_gmt":"2025-12-08T12:54:49","slug":"citrobiotic-grapefruitkernextrakt-100-stk-tabletten","status":"publish","type":"product","link":"https:\/\/www.ernstbrunn-apotheke.at\/katalog\/produkt\/citrobiotic-grapefruitkernextrakt-100-stk-tabletten\/","title":{"rendered":"Citrobiotic Grapefruitkernextrakt 100 Stk. Tabletten"},"content":{"rendered":"<p>Citrobiotic Grapefruitkernextrakt ist ein hochwertiges Nahrungserg\u00e4nzungsmittel mit dem Extrakt aus den Kernen und Schalen der Grapefruit. In CitroBiotic finden sich unter Anderem die wertvollen nat\u00fcrlichen Bioflavonoide.erhalten Sie dieses Produkt als L\u00f6sung (20 ml, 50 ml und 100 ml) und in Form von Tabletten (100 St\u00fcck).<\/p>\n","protected":false},"excerpt":{"rendered":"<p>Citrobiotic Grapefruitkernextrakt ist ein hochwertiges Nahrungserg\u00e4nzungsmittel mit dem Extrakt aus den Kernen und Schalen der Grapefruit. In CitroBiotic finden sich unter Anderem die wertvollen nat\u00fcrlichen Bioflavonoide.erhalten Sie dieses Produkt als L\u00f6sung (20 ml, 50 ml und 100 ml) und in Form von Tabletten (100 St\u00fcck).<\/p>\n","protected":false},"featured_media":16304,"template":"","meta":{"_acf_changed":false},"product_brand":[],"product_cat":[812],"product_tag":[],"class_list":{"0":"post-16302","1":"product","2":"type-product","3":"status-publish","4":"has-post-thumbnail","6":"product_cat-c","7":"pa_packungsgroesse-100-stueck","9":"first","10":"instock","11":"shipping-taxable","12":"purchasable","13":"product-type-simple"},"acf":[],"_links":{"self":[{"href":"https:\/\/www.ernstbrunn-apotheke.at\/katalog\/wp-json\/wp\/v2\/product\/16302","targetHints":{"allow":["GET"]}}],"collection":[{"href":"https:\/\/www.ernstbrunn-apotheke.at\/katalog\/wp-json\/wp\/v2\/product"}],"about":[{"href":"https:\/\/www.ernstbrunn-apotheke.at\/katalog\/wp-json\/wp\/v2\/types\/product"}],"wp:featuredmedia":[{"embeddable":true,"href":"https:\/\/www.ernstbrunn-apotheke.at\/katalog\/wp-json\/wp\/v2\/media\/16304"}],"wp:attachment":[{"href":"https:\/\/www.ernstbrunn-apotheke.at\/katalog\/wp-json\/wp\/v2\/media?parent=16302"}],"wp:term":[{"taxonomy":"product_brand","embeddable":true,"href":"https:\/\/www.ernstbrunn-apotheke.at\/katalog\/wp-json\/wp\/v2\/product_brand?post=16302"},{"taxonomy":"product_cat","embeddable":true,"href":"https:\/\/www.ernstbrunn-apotheke.at\/katalog\/wp-json\/wp\/v2\/product_cat?post=16302"},{"taxonomy":"product_tag","embeddable":true,"href":"https:\/\/www.ernstbrunn-apotheke.at\/katalog\/wp-json\/wp\/v2\/product_tag?post=16302"}],"curies":[{"name":"wp","href":"https:\/\/api.w.org\/{rel}","templated":true}]}}