{"id":162292,"date":"2025-12-09T19:16:35","date_gmt":"2025-12-09T18:16:35","guid":{"rendered":"https:\/\/www.ernstbrunn-apotheke.at\/katalog\/produkt\/kamillosan-fluessigkeit-500ml\/"},"modified":"2025-12-09T19:16:47","modified_gmt":"2025-12-09T18:16:47","slug":"kamillosan-fluessigkeit-500ml","status":"publish","type":"product","link":"https:\/\/www.ernstbrunn-apotheke.at\/katalog\/produkt\/kamillosan-fluessigkeit-500ml\/","title":{"rendered":"Kamillosan Fl\u00fcssigkeit &#8211; 500ml"},"content":{"rendered":"<p>Kamillosan Fl\u00fcssigkeit besteht aus Fl\u00fcssigextrakt aus Bl\u00fctenk\u00f6pfchen und Zungenbl\u00fcten der echten Kamille. Sie ist sowohl \u00e4u\u00dferlich als auch innerlich anzuwenden. \u00c4u\u00dferlich hilft sie bei leichten Entz\u00fcndungen der Haut oder der Mundschleimhaut und innerlich bei Magen-Darm-Beschwerden. Zus\u00e4tzlich dient es auch der Inhalation zur Behandlung von Erk\u00e4ltungskrankheiten.<\/p>\n","protected":false},"excerpt":{"rendered":"<p>Kamillosan Fl\u00fcssigkeit besteht aus Fl\u00fcssigextrakt aus Bl\u00fctenk\u00f6pfchen und Zungenbl\u00fcten der echten Kamille. Sie ist sowohl \u00e4u\u00dferlich als auch innerlich anzuwenden. \u00c4u\u00dferlich hilft sie bei leichten Entz\u00fcndungen der Haut oder der Mundschleimhaut und innerlich bei Magen-Darm-Beschwerden. Zus\u00e4tzlich dient es auch der Inhalation zur Behandlung von Erk\u00e4ltungskrankheiten.<\/p>\n","protected":false},"featured_media":162294,"template":"","meta":{"_acf_changed":false},"product_brand":[1575],"product_cat":[807],"product_tag":[],"class_list":{"0":"post-162292","1":"product","2":"type-product","3":"status-publish","4":"has-post-thumbnail","6":"product_brand-kamillosan","7":"product_cat-k","8":"pa_packungsgroesse-500ml","10":"first","11":"instock","12":"shipping-taxable","13":"purchasable","14":"product-type-simple"},"acf":[],"_links":{"self":[{"href":"https:\/\/www.ernstbrunn-apotheke.at\/katalog\/wp-json\/wp\/v2\/product\/162292","targetHints":{"allow":["GET"]}}],"collection":[{"href":"https:\/\/www.ernstbrunn-apotheke.at\/katalog\/wp-json\/wp\/v2\/product"}],"about":[{"href":"https:\/\/www.ernstbrunn-apotheke.at\/katalog\/wp-json\/wp\/v2\/types\/product"}],"wp:featuredmedia":[{"embeddable":true,"href":"https:\/\/www.ernstbrunn-apotheke.at\/katalog\/wp-json\/wp\/v2\/media\/162294"}],"wp:attachment":[{"href":"https:\/\/www.ernstbrunn-apotheke.at\/katalog\/wp-json\/wp\/v2\/media?parent=162292"}],"wp:term":[{"taxonomy":"product_brand","embeddable":true,"href":"https:\/\/www.ernstbrunn-apotheke.at\/katalog\/wp-json\/wp\/v2\/product_brand?post=162292"},{"taxonomy":"product_cat","embeddable":true,"href":"https:\/\/www.ernstbrunn-apotheke.at\/katalog\/wp-json\/wp\/v2\/product_cat?post=162292"},{"taxonomy":"product_tag","embeddable":true,"href":"https:\/\/www.ernstbrunn-apotheke.at\/katalog\/wp-json\/wp\/v2\/product_tag?post=162292"}],"curies":[{"name":"wp","href":"https:\/\/api.w.org\/{rel}","templated":true}]}}