{"id":162248,"date":"2025-12-09T19:15:32","date_gmt":"2025-12-09T18:15:32","guid":{"rendered":"https:\/\/www.ernstbrunn-apotheke.at\/katalog\/produkt\/balneum-plus-creme-500-ml\/"},"modified":"2025-12-09T19:15:49","modified_gmt":"2025-12-09T18:15:49","slug":"balneum-plus-creme-500-ml","status":"publish","type":"product","link":"https:\/\/www.ernstbrunn-apotheke.at\/katalog\/produkt\/balneum-plus-creme-500-ml\/","title":{"rendered":"Balneum Plus Creme 500 ml"},"content":{"rendered":"<p>Balneum Plus Creme dient zur t\u00e4glichen Pflege trockener und sehr trockener Haut. Die Creme ist intensiv r\u00fcckfettend und feuchtigkeitsspendend und unterst\u00fctzt nachweislich die nat\u00fcrliche Regeneration trockener Haut. Au\u00dferdem enth\u00e4lt sie die in der Haut vorkommenden Wirkstoffe Urea, Ceramide und physiologische Lipide. Die Creme zeichnet sich durch die hohe Hautvertr\u00e4glichkeit aus  jetzt mit hohem Rabatt bestellen!<\/p>\n","protected":false},"excerpt":{"rendered":"<p>Balneum Plus Creme dient zur t\u00e4glichen Pflege trockener und sehr trockener Haut. Die Creme ist intensiv r\u00fcckfettend und feuchtigkeitsspendend und unterst\u00fctzt nachweislich die nat\u00fcrliche Regeneration trockener Haut. Au\u00dferdem enth\u00e4lt sie die in der Haut vorkommenden Wirkstoffe Urea, Ceramide und physiologische Lipide. Die Creme zeichnet sich durch die hohe Hautvertr\u00e4glichkeit aus jetzt mit hohem Rabatt bestellen!<\/p>\n","protected":false},"featured_media":162250,"template":"","meta":{"_acf_changed":false},"product_brand":[],"product_cat":[802],"product_tag":[],"class_list":{"0":"post-162248","1":"product","2":"type-product","3":"status-publish","4":"has-post-thumbnail","6":"product_cat-b","7":"pa_packungsgroesse-500ml","9":"first","10":"instock","11":"shipping-taxable","12":"purchasable","13":"product-type-simple"},"acf":[],"_links":{"self":[{"href":"https:\/\/www.ernstbrunn-apotheke.at\/katalog\/wp-json\/wp\/v2\/product\/162248","targetHints":{"allow":["GET"]}}],"collection":[{"href":"https:\/\/www.ernstbrunn-apotheke.at\/katalog\/wp-json\/wp\/v2\/product"}],"about":[{"href":"https:\/\/www.ernstbrunn-apotheke.at\/katalog\/wp-json\/wp\/v2\/types\/product"}],"wp:featuredmedia":[{"embeddable":true,"href":"https:\/\/www.ernstbrunn-apotheke.at\/katalog\/wp-json\/wp\/v2\/media\/162250"}],"wp:attachment":[{"href":"https:\/\/www.ernstbrunn-apotheke.at\/katalog\/wp-json\/wp\/v2\/media?parent=162248"}],"wp:term":[{"taxonomy":"product_brand","embeddable":true,"href":"https:\/\/www.ernstbrunn-apotheke.at\/katalog\/wp-json\/wp\/v2\/product_brand?post=162248"},{"taxonomy":"product_cat","embeddable":true,"href":"https:\/\/www.ernstbrunn-apotheke.at\/katalog\/wp-json\/wp\/v2\/product_cat?post=162248"},{"taxonomy":"product_tag","embeddable":true,"href":"https:\/\/www.ernstbrunn-apotheke.at\/katalog\/wp-json\/wp\/v2\/product_tag?post=162248"}],"curies":[{"name":"wp","href":"https:\/\/api.w.org\/{rel}","templated":true}]}}