{"id":161869,"date":"2025-12-09T14:09:11","date_gmt":"2025-12-09T13:09:11","guid":{"rendered":"https:\/\/www.ernstbrunn-apotheke.at\/katalog\/produkt\/oekopharm-mann-andro-kapseln\/"},"modified":"2025-12-09T14:09:33","modified_gmt":"2025-12-09T13:09:33","slug":"oekopharm-mann-andro-kapseln","status":"publish","type":"product","link":"https:\/\/www.ernstbrunn-apotheke.at\/katalog\/produkt\/oekopharm-mann-andro-kapseln\/","title":{"rendered":"\u00d6kopharm Mann Andro Kapseln"},"content":{"rendered":"<p>IMPULSMAN Kapseln enthalten zahlreiche, f\u00fcr die M\u00e4nnergesundheit hilfreiche N\u00e4hrstoffe f\u00fcr optimale k\u00f6rperliche Leistungsf\u00e4higkeit, ein gesundes Herz sowie die nat\u00fcrliche Balance der Sexualhormone.<\/p>\n","protected":false},"excerpt":{"rendered":"<p>IMPULSMAN Kapseln enthalten zahlreiche, f\u00fcr die M\u00e4nnergesundheit hilfreiche N\u00e4hrstoffe f\u00fcr optimale k\u00f6rperliche Leistungsf\u00e4higkeit, ein gesundes Herz sowie die nat\u00fcrliche Balance der Sexualhormone.<\/p>\n","protected":false},"featured_media":161871,"template":"","meta":{"_acf_changed":false},"product_brand":[357],"product_cat":[801],"product_tag":[],"class_list":{"0":"post-161869","1":"product","2":"type-product","3":"status-publish","4":"has-post-thumbnail","6":"product_brand-oekopharm","7":"product_cat-a","8":"pa_packungsgroesse-60-stueck","10":"first","11":"instock","12":"shipping-taxable","13":"purchasable","14":"product-type-simple"},"acf":[],"_links":{"self":[{"href":"https:\/\/www.ernstbrunn-apotheke.at\/katalog\/wp-json\/wp\/v2\/product\/161869","targetHints":{"allow":["GET"]}}],"collection":[{"href":"https:\/\/www.ernstbrunn-apotheke.at\/katalog\/wp-json\/wp\/v2\/product"}],"about":[{"href":"https:\/\/www.ernstbrunn-apotheke.at\/katalog\/wp-json\/wp\/v2\/types\/product"}],"wp:featuredmedia":[{"embeddable":true,"href":"https:\/\/www.ernstbrunn-apotheke.at\/katalog\/wp-json\/wp\/v2\/media\/161871"}],"wp:attachment":[{"href":"https:\/\/www.ernstbrunn-apotheke.at\/katalog\/wp-json\/wp\/v2\/media?parent=161869"}],"wp:term":[{"taxonomy":"product_brand","embeddable":true,"href":"https:\/\/www.ernstbrunn-apotheke.at\/katalog\/wp-json\/wp\/v2\/product_brand?post=161869"},{"taxonomy":"product_cat","embeddable":true,"href":"https:\/\/www.ernstbrunn-apotheke.at\/katalog\/wp-json\/wp\/v2\/product_cat?post=161869"},{"taxonomy":"product_tag","embeddable":true,"href":"https:\/\/www.ernstbrunn-apotheke.at\/katalog\/wp-json\/wp\/v2\/product_tag?post=161869"}],"curies":[{"name":"wp","href":"https:\/\/api.w.org\/{rel}","templated":true}]}}