{"id":161752,"date":"2025-12-09T12:48:36","date_gmt":"2025-12-09T11:48:36","guid":{"rendered":"https:\/\/www.ernstbrunn-apotheke.at\/katalog\/produkt\/orthomol-fertil-plus-kapseln-und-tabletten-30-stk\/"},"modified":"2025-12-09T12:48:47","modified_gmt":"2025-12-09T11:48:47","slug":"orthomol-fertil-plus-kapseln-und-tabletten-30-stk","status":"publish","type":"product","link":"https:\/\/www.ernstbrunn-apotheke.at\/katalog\/produkt\/orthomol-fertil-plus-kapseln-und-tabletten-30-stk\/","title":{"rendered":"Orthomol Fertil plus Kapseln und Tabletten 30 Stk."},"content":{"rendered":"<p>Orthomol Fertil plus\u00ae  Kapseln und Tabletten 30 Stk. ist ein Nahrungserg\u00e4nzungsmittel und enth\u00e4lt wichtige Mikron\u00e4hrstoffe f\u00fcr die m\u00e4nnliche Fertilit\u00e4t. Mit Zink f\u00fcr die normale Fruchtbarkeit und Fortpflanzung sowie Selen f\u00fcr die normale Spermabildung. Das Spurenelement Zink tr\u00e4gt zur normalen Fruchtbarkeit, Fortpflanzung und DNA-Synthese sowie zur Aufrechterhaltung des normalen Testosteronserumspiegels bei. Selen leistet einen Beitrag zur normalen Spermabildung. Spermien sind besonders empfindlich gegen\u00fcber oxidativem Stress. Die Mikron\u00e4hrstoffe Selen, Kupfer, Zink, Vitamin C und Vitamin E tragen zum Schutz der Zellen vor oxidativem Stress bei. Vitamin B12, Vitamin  B6 und Vitamin C sowie das Spurenelement Kupfer tragen zum normalen Energiestoffwechsel bei. Vitamin B12, Vitamin B6 und Fols\u00e4ure tragen zu einem normalen Homocystein-Stoffwechsel bei. Vitamin B12, Vitamin D und Zink haben eine Funktion bei der Zellteilung &#8211; wir f\u00fchren alle Produkte von Orthomol zu Sonderpreisen!<\/p>\n","protected":false},"excerpt":{"rendered":"<p>Orthomol Fertil plus\u00ae Kapseln und Tabletten 30 Stk. ist ein Nahrungserg\u00e4nzungsmittel und enth\u00e4lt wichtige Mikron\u00e4hrstoffe f\u00fcr die m\u00e4nnliche Fertilit\u00e4t. Mit Zink f\u00fcr die normale Fruchtbarkeit und Fortpflanzung sowie Selen f\u00fcr die normale Spermabildung. Das Spurenelement Zink tr\u00e4gt zur normalen Fruchtbarkeit, Fortpflanzung und DNA-Synthese sowie zur Aufrechterhaltung des normalen Testosteronserumspiegels bei. Selen leistet einen Beitrag zur [&hellip;]<\/p>\n","protected":false},"featured_media":161754,"template":"","meta":{"_acf_changed":false},"product_brand":[387],"product_cat":[819],"product_tag":[],"class_list":{"0":"post-161752","1":"product","2":"type-product","3":"status-publish","4":"has-post-thumbnail","6":"product_brand-orthomol","7":"product_cat-o","8":"pa_packungsgroesse-30-stueck","10":"first","11":"instock","12":"shipping-taxable","13":"purchasable","14":"product-type-simple"},"acf":[],"_links":{"self":[{"href":"https:\/\/www.ernstbrunn-apotheke.at\/katalog\/wp-json\/wp\/v2\/product\/161752","targetHints":{"allow":["GET"]}}],"collection":[{"href":"https:\/\/www.ernstbrunn-apotheke.at\/katalog\/wp-json\/wp\/v2\/product"}],"about":[{"href":"https:\/\/www.ernstbrunn-apotheke.at\/katalog\/wp-json\/wp\/v2\/types\/product"}],"wp:featuredmedia":[{"embeddable":true,"href":"https:\/\/www.ernstbrunn-apotheke.at\/katalog\/wp-json\/wp\/v2\/media\/161754"}],"wp:attachment":[{"href":"https:\/\/www.ernstbrunn-apotheke.at\/katalog\/wp-json\/wp\/v2\/media?parent=161752"}],"wp:term":[{"taxonomy":"product_brand","embeddable":true,"href":"https:\/\/www.ernstbrunn-apotheke.at\/katalog\/wp-json\/wp\/v2\/product_brand?post=161752"},{"taxonomy":"product_cat","embeddable":true,"href":"https:\/\/www.ernstbrunn-apotheke.at\/katalog\/wp-json\/wp\/v2\/product_cat?post=161752"},{"taxonomy":"product_tag","embeddable":true,"href":"https:\/\/www.ernstbrunn-apotheke.at\/katalog\/wp-json\/wp\/v2\/product_tag?post=161752"}],"curies":[{"name":"wp","href":"https:\/\/api.w.org\/{rel}","templated":true}]}}