{"id":161567,"date":"2025-12-08T13:39:04","date_gmt":"2025-12-08T12:39:04","guid":{"rendered":"https:\/\/www.ernstbrunn-apotheke.at\/katalog\/?post_type=product&#038;p=161567"},"modified":"2025-12-08T14:11:36","modified_gmt":"2025-12-08T13:11:36","slug":"prontosan-wundreinigung-gel-30-ml","status":"publish","type":"product","link":"https:\/\/www.ernstbrunn-apotheke.at\/katalog\/produkt\/prontosan-wundreinigung-gel-30-ml\/","title":{"rendered":"Prontosan Wundreinigung Gel 30 ml"},"content":{"rendered":"<p>Prontosan Wundreinigung Gel ist ein klares, farb- und geruchloses, w\u00e4ssriges fettfreies Hydrogel. W\u00e4hrend sich leichte Bel\u00e4ge mit der Prontosan Wundsp\u00fcll\u00f6sung optimal entfernen lassen, erscheinen st\u00e4rker verkrustete Bel\u00e4ge bei der Wundsp\u00fclung resistenter. Um sie anzul\u00f6sen, ist es erforderlich, die Bel\u00e4ge \u00fcber einen l\u00e4ngeren Zeitraum feucht zu halten. F\u00fcr diese Aufgabe bietet Protosan Wund Gel ideale Voraussetzungen.<\/p>\n","protected":false},"excerpt":{"rendered":"<p>Prontosan Wundreinigung Gel ist ein klares, farb- und geruchloses, w\u00e4ssriges fettfreies Hydrogel. W\u00e4hrend sich leichte Bel\u00e4ge mit der Prontosan Wundsp\u00fcll\u00f6sung optimal entfernen lassen, erscheinen st\u00e4rker verkrustete Bel\u00e4ge bei der Wundsp\u00fclung resistenter. Um sie anzul\u00f6sen, ist es erforderlich, die Bel\u00e4ge \u00fcber einen l\u00e4ngeren Zeitraum feucht zu halten. F\u00fcr diese Aufgabe bietet Protosan Wund Gel ideale Voraussetzungen.<\/p>\n","protected":false},"featured_media":0,"template":"","meta":{"_acf_changed":false},"product_brand":[],"product_cat":[793],"product_tag":[],"class_list":{"0":"post-161567","1":"product","2":"type-product","3":"status-publish","5":"product_cat-p","6":"pa_packungsgroesse-30ml","8":"first","9":"instock","10":"shipping-taxable","11":"purchasable","12":"product-type-simple"},"acf":[],"_links":{"self":[{"href":"https:\/\/www.ernstbrunn-apotheke.at\/katalog\/wp-json\/wp\/v2\/product\/161567","targetHints":{"allow":["GET"]}}],"collection":[{"href":"https:\/\/www.ernstbrunn-apotheke.at\/katalog\/wp-json\/wp\/v2\/product"}],"about":[{"href":"https:\/\/www.ernstbrunn-apotheke.at\/katalog\/wp-json\/wp\/v2\/types\/product"}],"wp:attachment":[{"href":"https:\/\/www.ernstbrunn-apotheke.at\/katalog\/wp-json\/wp\/v2\/media?parent=161567"}],"wp:term":[{"taxonomy":"product_brand","embeddable":true,"href":"https:\/\/www.ernstbrunn-apotheke.at\/katalog\/wp-json\/wp\/v2\/product_brand?post=161567"},{"taxonomy":"product_cat","embeddable":true,"href":"https:\/\/www.ernstbrunn-apotheke.at\/katalog\/wp-json\/wp\/v2\/product_cat?post=161567"},{"taxonomy":"product_tag","embeddable":true,"href":"https:\/\/www.ernstbrunn-apotheke.at\/katalog\/wp-json\/wp\/v2\/product_tag?post=161567"}],"curies":[{"name":"wp","href":"https:\/\/api.w.org\/{rel}","templated":true}]}}