{"id":161473,"date":"2025-12-05T13:47:01","date_gmt":"2025-12-05T12:47:01","guid":{"rendered":"https:\/\/www.ernstbrunn-apotheke.at\/katalog\/?post_type=product&#038;p=161473"},"modified":"2025-12-08T14:12:51","modified_gmt":"2025-12-08T13:12:51","slug":"pelsano-hautpflegemilch-200-ml","status":"publish","type":"product","link":"https:\/\/www.ernstbrunn-apotheke.at\/katalog\/produkt\/pelsano-hautpflegemilch-200-ml\/","title":{"rendered":"Pelsano Hautpflegemilch 200 ml"},"content":{"rendered":"<p>Pelsano Hautpflegemilch pflegt die empfindliche und trockene Haut und wirkt langanhaltend feuchtigkeitsspendend. Das Produkt ist reich an r\u00fcckfettenden und pflegenden vegetabilen \u00d6len. Das enthaltene Allantoin wirkt R\u00f6tungen entgegen, Glycerin h\u00e4lt feucht.<\/p>\n","protected":false},"excerpt":{"rendered":"<p>Pelsano Hautpflegemilch pflegt die empfindliche und trockene Haut und wirkt langanhaltend feuchtigkeitsspendend. Das Produkt ist reich an r\u00fcckfettenden und pflegenden vegetabilen \u00d6len. Das enthaltene Allantoin wirkt R\u00f6tungen entgegen, Glycerin h\u00e4lt feucht.<\/p>\n","protected":false},"featured_media":0,"template":"","meta":{"_acf_changed":false},"product_brand":[],"product_cat":[793],"product_tag":[],"class_list":{"0":"post-161473","1":"product","2":"type-product","3":"status-publish","5":"product_cat-p","6":"pa_packungsgroesse-200ml","8":"first","9":"instock","10":"shipping-taxable","11":"purchasable","12":"product-type-simple"},"acf":[],"_links":{"self":[{"href":"https:\/\/www.ernstbrunn-apotheke.at\/katalog\/wp-json\/wp\/v2\/product\/161473","targetHints":{"allow":["GET"]}}],"collection":[{"href":"https:\/\/www.ernstbrunn-apotheke.at\/katalog\/wp-json\/wp\/v2\/product"}],"about":[{"href":"https:\/\/www.ernstbrunn-apotheke.at\/katalog\/wp-json\/wp\/v2\/types\/product"}],"wp:attachment":[{"href":"https:\/\/www.ernstbrunn-apotheke.at\/katalog\/wp-json\/wp\/v2\/media?parent=161473"}],"wp:term":[{"taxonomy":"product_brand","embeddable":true,"href":"https:\/\/www.ernstbrunn-apotheke.at\/katalog\/wp-json\/wp\/v2\/product_brand?post=161473"},{"taxonomy":"product_cat","embeddable":true,"href":"https:\/\/www.ernstbrunn-apotheke.at\/katalog\/wp-json\/wp\/v2\/product_cat?post=161473"},{"taxonomy":"product_tag","embeddable":true,"href":"https:\/\/www.ernstbrunn-apotheke.at\/katalog\/wp-json\/wp\/v2\/product_tag?post=161473"}],"curies":[{"name":"wp","href":"https:\/\/api.w.org\/{rel}","templated":true}]}}