{"id":161462,"date":"2025-12-05T12:59:55","date_gmt":"2025-12-05T11:59:55","guid":{"rendered":"https:\/\/www.ernstbrunn-apotheke.at\/katalog\/?post_type=product&#038;p=161462"},"modified":"2025-12-08T14:10:44","modified_gmt":"2025-12-08T13:10:44","slug":"octenisept-loesung-1000-ml","status":"publish","type":"product","link":"https:\/\/www.ernstbrunn-apotheke.at\/katalog\/produkt\/octenisept-loesung-1000-ml\/","title":{"rendered":"Octenisept L\u00f6sung 1000 ml"},"content":{"rendered":"<p>Octenisept ist ein Desinfektionsmittel zur \u00e4u\u00dferen Anwendung und zur Anwendung auf Schleimh\u00e4uten. Octenidin wirkt umfassend keimt\u00f6tend. Es ist wirksam gegen Bakterien, Pilze und gewisse Viren. Die Entwicklung einer Widerstandsf\u00e4higkeit von Infektionserregern (Resistenz) gegen Octenidin ist aufgrund der Wirkungsweise nicht zu bef\u00fcrchten.<\/p>\n","protected":false},"excerpt":{"rendered":"<p>Octenisept ist ein Desinfektionsmittel zur \u00e4u\u00dferen Anwendung und zur Anwendung auf Schleimh\u00e4uten. Octenidin wirkt umfassend keimt\u00f6tend. Es ist wirksam gegen Bakterien, Pilze und gewisse Viren. Die Entwicklung einer Widerstandsf\u00e4higkeit von Infektionserregern (Resistenz) gegen Octenidin ist aufgrund der Wirkungsweise nicht zu bef\u00fcrchten.<\/p>\n","protected":false},"featured_media":0,"template":"","meta":{"_acf_changed":false},"product_brand":[],"product_cat":[819],"product_tag":[],"class_list":{"0":"post-161462","1":"product","2":"type-product","3":"status-publish","5":"product_cat-o","6":"pa_packungsgroesse-1l","8":"first","9":"instock","10":"shipping-taxable","11":"purchasable","12":"product-type-simple"},"acf":[],"_links":{"self":[{"href":"https:\/\/www.ernstbrunn-apotheke.at\/katalog\/wp-json\/wp\/v2\/product\/161462","targetHints":{"allow":["GET"]}}],"collection":[{"href":"https:\/\/www.ernstbrunn-apotheke.at\/katalog\/wp-json\/wp\/v2\/product"}],"about":[{"href":"https:\/\/www.ernstbrunn-apotheke.at\/katalog\/wp-json\/wp\/v2\/types\/product"}],"wp:attachment":[{"href":"https:\/\/www.ernstbrunn-apotheke.at\/katalog\/wp-json\/wp\/v2\/media?parent=161462"}],"wp:term":[{"taxonomy":"product_brand","embeddable":true,"href":"https:\/\/www.ernstbrunn-apotheke.at\/katalog\/wp-json\/wp\/v2\/product_brand?post=161462"},{"taxonomy":"product_cat","embeddable":true,"href":"https:\/\/www.ernstbrunn-apotheke.at\/katalog\/wp-json\/wp\/v2\/product_cat?post=161462"},{"taxonomy":"product_tag","embeddable":true,"href":"https:\/\/www.ernstbrunn-apotheke.at\/katalog\/wp-json\/wp\/v2\/product_tag?post=161462"}],"curies":[{"name":"wp","href":"https:\/\/api.w.org\/{rel}","templated":true}]}}