{"id":161444,"date":"2025-11-07T11:10:57","date_gmt":"2025-11-07T10:10:57","guid":{"rendered":"https:\/\/www.ernstbrunn-apotheke.at\/katalog\/?post_type=product&#038;p=161444"},"modified":"2025-12-08T14:10:21","modified_gmt":"2025-12-08T13:10:21","slug":"betadona-wundspray-30-g","status":"publish","type":"product","link":"https:\/\/www.ernstbrunn-apotheke.at\/katalog\/produkt\/betadona-wundspray-30-g\/","title":{"rendered":"Betadona Wundspray 30 g"},"content":{"rendered":"<p>Betadona Wundspray wirkt umfassend keimt\u00f6tend und ist wirksam gegen Bakterien, Pilze, Sporen, Viren und bestimmte Einzeller. Zuverl\u00e4ssige Wunddesinfektion verhindert weitgehend Infektionen und beg\u00fcnstigt eine rasche, problemlose Heilung.<\/p>\n","protected":false},"excerpt":{"rendered":"<p>Betadona Wundspray wirkt umfassend keimt\u00f6tend und ist wirksam gegen Bakterien, Pilze, Sporen, Viren und bestimmte Einzeller. Zuverl\u00e4ssige Wunddesinfektion verhindert weitgehend Infektionen und beg\u00fcnstigt eine rasche, problemlose Heilung.<\/p>\n","protected":false},"featured_media":0,"template":"","meta":{"_acf_changed":false},"product_brand":[],"product_cat":[802],"product_tag":[],"class_list":{"0":"post-161444","1":"product","2":"type-product","3":"status-publish","5":"product_cat-b","6":"pa_packungsgroesse-30g","8":"first","9":"instock","10":"shipping-taxable","11":"purchasable","12":"product-type-simple"},"acf":[],"_links":{"self":[{"href":"https:\/\/www.ernstbrunn-apotheke.at\/katalog\/wp-json\/wp\/v2\/product\/161444","targetHints":{"allow":["GET"]}}],"collection":[{"href":"https:\/\/www.ernstbrunn-apotheke.at\/katalog\/wp-json\/wp\/v2\/product"}],"about":[{"href":"https:\/\/www.ernstbrunn-apotheke.at\/katalog\/wp-json\/wp\/v2\/types\/product"}],"wp:attachment":[{"href":"https:\/\/www.ernstbrunn-apotheke.at\/katalog\/wp-json\/wp\/v2\/media?parent=161444"}],"wp:term":[{"taxonomy":"product_brand","embeddable":true,"href":"https:\/\/www.ernstbrunn-apotheke.at\/katalog\/wp-json\/wp\/v2\/product_brand?post=161444"},{"taxonomy":"product_cat","embeddable":true,"href":"https:\/\/www.ernstbrunn-apotheke.at\/katalog\/wp-json\/wp\/v2\/product_cat?post=161444"},{"taxonomy":"product_tag","embeddable":true,"href":"https:\/\/www.ernstbrunn-apotheke.at\/katalog\/wp-json\/wp\/v2\/product_tag?post=161444"}],"curies":[{"name":"wp","href":"https:\/\/api.w.org\/{rel}","templated":true}]}}