{"id":161442,"date":"2025-11-10T10:21:57","date_gmt":"2025-11-10T09:21:57","guid":{"rendered":"https:\/\/www.ernstbrunn-apotheke.at\/katalog\/?post_type=product&#038;p=161442"},"modified":"2025-12-08T14:09:57","modified_gmt":"2025-12-08T13:09:57","slug":"tannosynt-lotio-100-g","status":"publish","type":"product","link":"https:\/\/www.ernstbrunn-apotheke.at\/katalog\/produkt\/tannosynt-lotio-100-g\/","title":{"rendered":"Tannosynt Lotio 100 g"},"content":{"rendered":"<p>Tannosynt Lotio enth\u00e4lt einen speziellen Gerbstoff, der bei Entz\u00fcndungen der Haut wahre Wunder wirkt. Die gef\u00e4\u00dfabdichtenden und schorfbildenden Effekte sorgen daf\u00fcr, dass die Wunden verschlie\u00dfen und nicht weiter n\u00e4ssen. Entz\u00fcndlichen Hautreizungen werden effektiv unterbunden.<\/p>\n","protected":false},"excerpt":{"rendered":"<p>Tannosynt Lotio enth\u00e4lt einen speziellen Gerbstoff, der bei Entz\u00fcndungen der Haut wahre Wunder wirkt. Die gef\u00e4\u00dfabdichtenden und schorfbildenden Effekte sorgen daf\u00fcr, dass die Wunden verschlie\u00dfen und nicht weiter n\u00e4ssen. Entz\u00fcndlichen Hautreizungen werden effektiv unterbunden.<\/p>\n","protected":false},"featured_media":0,"template":"","meta":{"_acf_changed":false},"product_brand":[],"product_cat":[798],"product_tag":[],"class_list":{"0":"post-161442","1":"product","2":"type-product","3":"status-publish","5":"product_cat-t","6":"pa_packungsgroesse-100g","8":"first","9":"instock","10":"shipping-taxable","11":"purchasable","12":"product-type-simple"},"acf":[],"_links":{"self":[{"href":"https:\/\/www.ernstbrunn-apotheke.at\/katalog\/wp-json\/wp\/v2\/product\/161442","targetHints":{"allow":["GET"]}}],"collection":[{"href":"https:\/\/www.ernstbrunn-apotheke.at\/katalog\/wp-json\/wp\/v2\/product"}],"about":[{"href":"https:\/\/www.ernstbrunn-apotheke.at\/katalog\/wp-json\/wp\/v2\/types\/product"}],"wp:attachment":[{"href":"https:\/\/www.ernstbrunn-apotheke.at\/katalog\/wp-json\/wp\/v2\/media?parent=161442"}],"wp:term":[{"taxonomy":"product_brand","embeddable":true,"href":"https:\/\/www.ernstbrunn-apotheke.at\/katalog\/wp-json\/wp\/v2\/product_brand?post=161442"},{"taxonomy":"product_cat","embeddable":true,"href":"https:\/\/www.ernstbrunn-apotheke.at\/katalog\/wp-json\/wp\/v2\/product_cat?post=161442"},{"taxonomy":"product_tag","embeddable":true,"href":"https:\/\/www.ernstbrunn-apotheke.at\/katalog\/wp-json\/wp\/v2\/product_tag?post=161442"}],"curies":[{"name":"wp","href":"https:\/\/api.w.org\/{rel}","templated":true}]}}