{"id":161083,"date":"2025-11-17T20:29:04","date_gmt":"2025-11-17T19:29:04","guid":{"rendered":"https:\/\/www.ernstbrunn-apotheke.at\/katalog\/produkt\/burgerstein-vitamini-gummies-30-stk\/"},"modified":"2025-12-09T11:47:15","modified_gmt":"2025-12-09T10:47:15","slug":"burgerstein-vitamini-gummies-30-stk","status":"publish","type":"product","link":"https:\/\/www.ernstbrunn-apotheke.at\/katalog\/produkt\/burgerstein-vitamini-gummies-30-stk\/","title":{"rendered":"Burgerstein VitaMini Gummies 30 Stk."},"content":{"rendered":"<p><strong>Elefantenpower f\u00fcr die Kleinen.<\/strong><\/p>\n<p>&#13;<\/p>\n<p>Wir als Eltern wollen das Beste f\u00fcr unsere Kinder. Wir k\u00fcmmern uns um Ihre Gesundheit und ihr Wachstum. Eltern k\u00f6nnen Schwierigkeiten haben, Kinder richtig zu ern\u00e4hren. VitaMini versorgt Kinder mit wichtigen Vitaminen und Mineralstoffen.<\/p>\n<p>&#13;<\/p>\n<p>Burgerstein VitaMini\u00a0ist ein Nahrungserg\u00e4nzungsmittel f\u00fcr Kinder zur Unterst\u00fctzung des Wachstums und des Immunsystems Ihres Kindes.\u00a0Vitamini von Burgerstein enthalten 9 Vitamine (D3, E, K1, C, B6, B12, Niacin, Biotin, Fols\u00e4ure) und 3 Spurenelemente (Zink, Selen, Jod).\u00a0<\/p>\n<p>&#13;<\/p>\n<p>Idealerweise kombinieren Sie Burgerstein VitaMini daher bei Bedarf mit Burgerstein Eisen vegan, welches ebenfalls optimal f\u00fcr Kinder geeignet und flexibel einsetzbar ist.<\/p>\n<p>&#13;<\/p>\n<p>Die kleinen Elefanten schmecken nach Pfirsich, sind g\u00e4nzlich ohne k\u00fcnstliche Farb-, Aroma- und S\u00fc\u00dfstoffe.\u00a0<strong>Geeignet f\u00fcr Kinder ab 4 Jahren.<\/strong><\/p>\n","protected":false},"excerpt":{"rendered":"<p>Elefantenpower f\u00fcr die Kleinen. &#13; Wir als Eltern wollen das Beste f\u00fcr unsere Kinder. Wir k\u00fcmmern uns um Ihre Gesundheit und ihr Wachstum. Eltern k\u00f6nnen Schwierigkeiten haben, Kinder richtig zu ern\u00e4hren. VitaMini versorgt Kinder mit wichtigen Vitaminen und Mineralstoffen. &#13; Burgerstein VitaMini\u00a0ist ein Nahrungserg\u00e4nzungsmittel f\u00fcr Kinder zur Unterst\u00fctzung des Wachstums und des Immunsystems Ihres Kindes.\u00a0Vitamini [&hellip;]<\/p>\n","protected":false},"featured_media":0,"template":"","meta":{"_acf_changed":false},"product_brand":[446],"product_cat":[802],"product_tag":[],"class_list":{"0":"post-161083","1":"product","2":"type-product","3":"status-publish","5":"product_brand-burgerstein","6":"product_cat-b","7":"pa_packungsgroesse-30-stueck","9":"first","10":"instock","11":"shipping-taxable","12":"purchasable","13":"product-type-simple"},"acf":[],"_links":{"self":[{"href":"https:\/\/www.ernstbrunn-apotheke.at\/katalog\/wp-json\/wp\/v2\/product\/161083","targetHints":{"allow":["GET"]}}],"collection":[{"href":"https:\/\/www.ernstbrunn-apotheke.at\/katalog\/wp-json\/wp\/v2\/product"}],"about":[{"href":"https:\/\/www.ernstbrunn-apotheke.at\/katalog\/wp-json\/wp\/v2\/types\/product"}],"wp:attachment":[{"href":"https:\/\/www.ernstbrunn-apotheke.at\/katalog\/wp-json\/wp\/v2\/media?parent=161083"}],"wp:term":[{"taxonomy":"product_brand","embeddable":true,"href":"https:\/\/www.ernstbrunn-apotheke.at\/katalog\/wp-json\/wp\/v2\/product_brand?post=161083"},{"taxonomy":"product_cat","embeddable":true,"href":"https:\/\/www.ernstbrunn-apotheke.at\/katalog\/wp-json\/wp\/v2\/product_cat?post=161083"},{"taxonomy":"product_tag","embeddable":true,"href":"https:\/\/www.ernstbrunn-apotheke.at\/katalog\/wp-json\/wp\/v2\/product_tag?post=161083"}],"curies":[{"name":"wp","href":"https:\/\/api.w.org\/{rel}","templated":true}]}}