{"id":160037,"date":"2025-11-17T20:06:41","date_gmt":"2025-11-17T19:06:41","guid":{"rendered":"https:\/\/www.ernstbrunn-apotheke.at\/katalog\/produkt\/solgar-omega-3-6-9-leinsamen-borretsch-und-fischoel-kapseln-60-stk\/"},"modified":"2025-12-09T11:43:07","modified_gmt":"2025-12-09T10:43:07","slug":"solgar-omega-3-6-9-leinsamen-borretsch-und-fischoel-kapseln-60-stk","status":"publish","type":"product","link":"https:\/\/www.ernstbrunn-apotheke.at\/katalog\/produkt\/solgar-omega-3-6-9-leinsamen-borretsch-und-fischoel-kapseln-60-stk\/","title":{"rendered":"Solgar Omega 3-6-9 Leinsamen-, Borretsch- und Fisch\u00f6l Kapseln 60 Stk."},"content":{"rendered":"<p><strong>Hochwertige Kombination<\/strong><\/p>\n<p>&#13;<\/p>\n<p>Die unges\u00e4ttigten Omega-3-Fetts\u00e4uren EPA und DHA helfen auf vielf\u00e4ltige Weise. Gemeinsam tragen sie zu einer normalen Herzfunktion und zur Aufrechterhaltung eines normalen Cholesterinspiegels bei. DHA beg\u00fcnstigt auch eine normale Hirnfunktion und Sehkraft. Die unges\u00e4ttigten Fetts\u00e4uren kommen in fettreichen Meeresfischen wie Thunfisch, Makrele oder Heringe vor. \u00dcber pflanzliche \u00d6le wie Lein-, Walnuss- oder Hanf\u00f6l kann die Versorgung mit der Alpha-Linolens\u00e4ure, der Vorstufe zu EPA und DHA, gedeckt werden.<\/p>\n<p>&#13;<\/p>\n<p>Unser Omega 3-6-9 enth\u00e4lt eine hochwertige Kombination der unges\u00e4ttigten Omega-3-, -6- und -9-Fetts\u00e4uren aus nat\u00fcrlichen Quellen.<\/p>\n<p>&#13;<\/p>\n<p>Das Borretsch\u00f6l ist reich an Omega 6-Fetts\u00e4uren (vor allem Gamma-Linolens\u00e4ure und auch Linols\u00e4ure) und enth\u00e4lt auch Omega-9-Fetts\u00e4uren (\u00d6ls\u00e4ure). Das Leinsamen\u00f6l enth\u00e4lt alle drei Fetts\u00e4uren als Alpha-Linolen-, Linol- und \u00d6ls\u00e4ure und das Fisch\u00f6l aus Kaltwasserfischen ist reich an Omega-3-Fetts\u00e4uren (EPA &amp; DHA).<\/p>\n<p>&#13;<\/p>\n<p><strong>Besonderheiten<\/strong><br \/>\u2212 mit Leinsamen-, Borretsch- und Fisch\u00f6l<br \/>\u2212 hochwertige Kombination unges\u00e4ttigter Fetts\u00e4uren<br \/>\u2212 nat\u00fcrliche Quellen<\/p>\n<p>&#13;<\/p>\n<p><strong>Benefits<\/strong><br \/>DHA<br \/>\u2212 tr\u00e4gt zur Erhaltung einer normalen Gehirnfunktion bei<br \/>\u2212 tr\u00e4gt zur Erhaltung normaler Sehkraft bei<br \/>EPA &amp; DHA<br \/>\u2212 tragen zu einer normalen Herzfunktion bei<br \/>Linols\u00e4ure<br \/>\u2212 tr\u00e4gt zur Aufrechterhaltung eines normalen Cholesterinspiegels im Blut bei<\/p>\n","protected":false},"excerpt":{"rendered":"<p>Hochwertige Kombination &#13; Die unges\u00e4ttigten Omega-3-Fetts\u00e4uren EPA und DHA helfen auf vielf\u00e4ltige Weise. Gemeinsam tragen sie zu einer normalen Herzfunktion und zur Aufrechterhaltung eines normalen Cholesterinspiegels bei. DHA beg\u00fcnstigt auch eine normale Hirnfunktion und Sehkraft. Die unges\u00e4ttigten Fetts\u00e4uren kommen in fettreichen Meeresfischen wie Thunfisch, Makrele oder Heringe vor. \u00dcber pflanzliche \u00d6le wie Lein-, Walnuss- oder [&hellip;]<\/p>\n","protected":false},"featured_media":0,"template":"","meta":{"_acf_changed":false},"product_brand":[],"product_cat":[791],"product_tag":[],"class_list":{"0":"post-160037","1":"product","2":"type-product","3":"status-publish","5":"product_cat-s","6":"pa_packungsgroesse-60-stueck","8":"first","9":"instock","10":"shipping-taxable","11":"purchasable","12":"product-type-simple"},"acf":[],"_links":{"self":[{"href":"https:\/\/www.ernstbrunn-apotheke.at\/katalog\/wp-json\/wp\/v2\/product\/160037","targetHints":{"allow":["GET"]}}],"collection":[{"href":"https:\/\/www.ernstbrunn-apotheke.at\/katalog\/wp-json\/wp\/v2\/product"}],"about":[{"href":"https:\/\/www.ernstbrunn-apotheke.at\/katalog\/wp-json\/wp\/v2\/types\/product"}],"wp:attachment":[{"href":"https:\/\/www.ernstbrunn-apotheke.at\/katalog\/wp-json\/wp\/v2\/media?parent=160037"}],"wp:term":[{"taxonomy":"product_brand","embeddable":true,"href":"https:\/\/www.ernstbrunn-apotheke.at\/katalog\/wp-json\/wp\/v2\/product_brand?post=160037"},{"taxonomy":"product_cat","embeddable":true,"href":"https:\/\/www.ernstbrunn-apotheke.at\/katalog\/wp-json\/wp\/v2\/product_cat?post=160037"},{"taxonomy":"product_tag","embeddable":true,"href":"https:\/\/www.ernstbrunn-apotheke.at\/katalog\/wp-json\/wp\/v2\/product_tag?post=160037"}],"curies":[{"name":"wp","href":"https:\/\/api.w.org\/{rel}","templated":true}]}}