{"id":15974,"date":"2025-11-07T18:16:41","date_gmt":"2025-11-07T17:16:41","guid":{"rendered":"https:\/\/www.ernstbrunn-apotheke.at\/katalog\/produkt\/apiserum-gelee-royale-trinkampulle-5-ml-24-stk\/"},"modified":"2025-12-08T13:53:33","modified_gmt":"2025-12-08T12:53:33","slug":"apiserum-gelee-royale-trinkampulle-5-ml-24-stk","status":"publish","type":"product","link":"https:\/\/www.ernstbrunn-apotheke.at\/katalog\/produkt\/apiserum-gelee-royale-trinkampulle-5-ml-24-stk\/","title":{"rendered":"Apiserum Gel\u00e9e Royale Trinkampulle 5 ml 24 Stk."},"content":{"rendered":"<p>Apiserum Gel\u00e9e Royale Trinkampullen beleben und vitalisieren. Gel\u00e9e Royale ist der Futtersaft der Bienenk\u00f6nigin und gilt seit jeher als biologisch hochaktives Wirkstoffkonzentrat. Die Einnahme von Gel\u00e9e Royale beeinflusst den Organismus positiv und es kommt zu einer Steigerung der Abwehrkr\u00e4fte, der Vitalit\u00e4t sowie der Leistungsf\u00e4higkeit.<\/p>\n","protected":false},"excerpt":{"rendered":"<p>Apiserum Gel\u00e9e Royale Trinkampullen beleben und vitalisieren. Gel\u00e9e Royale ist der Futtersaft der Bienenk\u00f6nigin und gilt seit jeher als biologisch hochaktives Wirkstoffkonzentrat. Die Einnahme von Gel\u00e9e Royale beeinflusst den Organismus positiv und es kommt zu einer Steigerung der Abwehrkr\u00e4fte, der Vitalit\u00e4t sowie der Leistungsf\u00e4higkeit.<\/p>\n","protected":false},"featured_media":15976,"template":"","meta":{"_acf_changed":false},"product_brand":[],"product_cat":[801],"product_tag":[],"class_list":{"0":"post-15974","1":"product","2":"type-product","3":"status-publish","4":"has-post-thumbnail","6":"product_cat-a","7":"pa_packungsgroesse-24-stueck","9":"first","10":"instock","11":"shipping-taxable","12":"purchasable","13":"product-type-simple"},"acf":[],"_links":{"self":[{"href":"https:\/\/www.ernstbrunn-apotheke.at\/katalog\/wp-json\/wp\/v2\/product\/15974","targetHints":{"allow":["GET"]}}],"collection":[{"href":"https:\/\/www.ernstbrunn-apotheke.at\/katalog\/wp-json\/wp\/v2\/product"}],"about":[{"href":"https:\/\/www.ernstbrunn-apotheke.at\/katalog\/wp-json\/wp\/v2\/types\/product"}],"wp:featuredmedia":[{"embeddable":true,"href":"https:\/\/www.ernstbrunn-apotheke.at\/katalog\/wp-json\/wp\/v2\/media\/15976"}],"wp:attachment":[{"href":"https:\/\/www.ernstbrunn-apotheke.at\/katalog\/wp-json\/wp\/v2\/media?parent=15974"}],"wp:term":[{"taxonomy":"product_brand","embeddable":true,"href":"https:\/\/www.ernstbrunn-apotheke.at\/katalog\/wp-json\/wp\/v2\/product_brand?post=15974"},{"taxonomy":"product_cat","embeddable":true,"href":"https:\/\/www.ernstbrunn-apotheke.at\/katalog\/wp-json\/wp\/v2\/product_cat?post=15974"},{"taxonomy":"product_tag","embeddable":true,"href":"https:\/\/www.ernstbrunn-apotheke.at\/katalog\/wp-json\/wp\/v2\/product_tag?post=15974"}],"curies":[{"name":"wp","href":"https:\/\/api.w.org\/{rel}","templated":true}]}}