{"id":15907,"date":"2025-11-07T18:15:31","date_gmt":"2025-11-07T17:15:31","guid":{"rendered":"https:\/\/www.ernstbrunn-apotheke.at\/katalog\/produkt\/bioflora-lab-cistus-immun-kapseln-60-stk\/"},"modified":"2025-12-08T13:53:20","modified_gmt":"2025-12-08T12:53:20","slug":"bioflora-lab-cistus-immun-kapseln-60-stk","status":"publish","type":"product","link":"https:\/\/www.ernstbrunn-apotheke.at\/katalog\/produkt\/bioflora-lab-cistus-immun-kapseln-60-stk\/","title":{"rendered":"Bioflora LAB Cistus Immun Kapseln 60 Stk."},"content":{"rendered":"<p>Ehrmed Bioflora Cistus Immun Kapseln tragen zu einer normalen Funktion des Immunsystems bei. Der verwendete Cistusextrakt wei\u00dft einen au\u00dfergew\u00f6hnlich hohen wertbestimmenden Polyphenolgehalt auf und st\u00e4rkt zusammen mit Resveratrol und Zink die k\u00f6rpereigenen Abwehrkr\u00e4fte.<\/p>\n","protected":false},"excerpt":{"rendered":"<p>Ehrmed Bioflora Cistus Immun Kapseln tragen zu einer normalen Funktion des Immunsystems bei. Der verwendete Cistusextrakt wei\u00dft einen au\u00dfergew\u00f6hnlich hohen wertbestimmenden Polyphenolgehalt auf und st\u00e4rkt zusammen mit Resveratrol und Zink die k\u00f6rpereigenen Abwehrkr\u00e4fte.<\/p>\n","protected":false},"featured_media":15909,"template":"","meta":{"_acf_changed":false},"product_brand":[434],"product_cat":[802],"product_tag":[],"class_list":{"0":"post-15907","1":"product","2":"type-product","3":"status-publish","4":"has-post-thumbnail","6":"product_brand-bioflora-lab","7":"product_cat-b","8":"pa_packungsgroesse-60-stueck","10":"first","11":"instock","12":"shipping-taxable","13":"purchasable","14":"product-type-simple"},"acf":[],"_links":{"self":[{"href":"https:\/\/www.ernstbrunn-apotheke.at\/katalog\/wp-json\/wp\/v2\/product\/15907","targetHints":{"allow":["GET"]}}],"collection":[{"href":"https:\/\/www.ernstbrunn-apotheke.at\/katalog\/wp-json\/wp\/v2\/product"}],"about":[{"href":"https:\/\/www.ernstbrunn-apotheke.at\/katalog\/wp-json\/wp\/v2\/types\/product"}],"wp:featuredmedia":[{"embeddable":true,"href":"https:\/\/www.ernstbrunn-apotheke.at\/katalog\/wp-json\/wp\/v2\/media\/15909"}],"wp:attachment":[{"href":"https:\/\/www.ernstbrunn-apotheke.at\/katalog\/wp-json\/wp\/v2\/media?parent=15907"}],"wp:term":[{"taxonomy":"product_brand","embeddable":true,"href":"https:\/\/www.ernstbrunn-apotheke.at\/katalog\/wp-json\/wp\/v2\/product_brand?post=15907"},{"taxonomy":"product_cat","embeddable":true,"href":"https:\/\/www.ernstbrunn-apotheke.at\/katalog\/wp-json\/wp\/v2\/product_cat?post=15907"},{"taxonomy":"product_tag","embeddable":true,"href":"https:\/\/www.ernstbrunn-apotheke.at\/katalog\/wp-json\/wp\/v2\/product_tag?post=15907"}],"curies":[{"name":"wp","href":"https:\/\/api.w.org\/{rel}","templated":true}]}}