{"id":15771,"date":"2025-11-07T18:14:04","date_gmt":"2025-11-07T17:14:04","guid":{"rendered":"https:\/\/www.ernstbrunn-apotheke.at\/katalog\/produkt\/life-light-spirulina-bio-tabletten-200-stk\/"},"modified":"2025-12-08T13:52:49","modified_gmt":"2025-12-08T12:52:49","slug":"life-light-spirulina-bio-tabletten-200-stk","status":"publish","type":"product","link":"https:\/\/www.ernstbrunn-apotheke.at\/katalog\/produkt\/life-light-spirulina-bio-tabletten-200-stk\/","title":{"rendered":"Life Light Spirulina Bio Tabletten 200 Stk."},"content":{"rendered":"<p>Life Light Spirulina Bio Tabletten enthalten gr\u00fcne, jodfreie S\u00fc\u00dfwasser-Mikroalgen mit organisch gebundenem Chlorophyll und Vitamin B12. Vitamin B12 tr\u00e4gt zu einer normalen Funktion des Nervensystems, einer normalen Bildung roter Blutk\u00f6rperchen und einer Verringerung von M\u00fcdigkeit und Erm\u00fcdung bei. Au\u00dferdem leistet das Vitamin einen Beitrag zu einer normalen psychischen Funktion und einer normalen Funktion des Immunsystems. Dieses Produkt ist in Packungen zu 90, 200, 500 und 1000 St\u00fcck erh\u00e4ltlich.<\/p>\n","protected":false},"excerpt":{"rendered":"<p>Life Light Spirulina Bio Tabletten enthalten gr\u00fcne, jodfreie S\u00fc\u00dfwasser-Mikroalgen mit organisch gebundenem Chlorophyll und Vitamin B12. Vitamin B12 tr\u00e4gt zu einer normalen Funktion des Nervensystems, einer normalen Bildung roter Blutk\u00f6rperchen und einer Verringerung von M\u00fcdigkeit und Erm\u00fcdung bei. Au\u00dferdem leistet das Vitamin einen Beitrag zu einer normalen psychischen Funktion und einer normalen Funktion des Immunsystems. [&hellip;]<\/p>\n","protected":false},"featured_media":15773,"template":"","meta":{"_acf_changed":false},"product_brand":[],"product_cat":[795],"product_tag":[],"class_list":{"0":"post-15771","1":"product","2":"type-product","3":"status-publish","4":"has-post-thumbnail","6":"product_cat-l","7":"pa_packungsgroesse-200-stueck","9":"first","10":"instock","11":"shipping-taxable","12":"purchasable","13":"product-type-simple"},"acf":[],"_links":{"self":[{"href":"https:\/\/www.ernstbrunn-apotheke.at\/katalog\/wp-json\/wp\/v2\/product\/15771","targetHints":{"allow":["GET"]}}],"collection":[{"href":"https:\/\/www.ernstbrunn-apotheke.at\/katalog\/wp-json\/wp\/v2\/product"}],"about":[{"href":"https:\/\/www.ernstbrunn-apotheke.at\/katalog\/wp-json\/wp\/v2\/types\/product"}],"wp:featuredmedia":[{"embeddable":true,"href":"https:\/\/www.ernstbrunn-apotheke.at\/katalog\/wp-json\/wp\/v2\/media\/15773"}],"wp:attachment":[{"href":"https:\/\/www.ernstbrunn-apotheke.at\/katalog\/wp-json\/wp\/v2\/media?parent=15771"}],"wp:term":[{"taxonomy":"product_brand","embeddable":true,"href":"https:\/\/www.ernstbrunn-apotheke.at\/katalog\/wp-json\/wp\/v2\/product_brand?post=15771"},{"taxonomy":"product_cat","embeddable":true,"href":"https:\/\/www.ernstbrunn-apotheke.at\/katalog\/wp-json\/wp\/v2\/product_cat?post=15771"},{"taxonomy":"product_tag","embeddable":true,"href":"https:\/\/www.ernstbrunn-apotheke.at\/katalog\/wp-json\/wp\/v2\/product_tag?post=15771"}],"curies":[{"name":"wp","href":"https:\/\/api.w.org\/{rel}","templated":true}]}}