{"id":15544,"date":"2025-11-07T18:10:12","date_gmt":"2025-11-07T17:10:12","guid":{"rendered":"https:\/\/www.ernstbrunn-apotheke.at\/katalog\/produkt\/orthomol-immun-pro-granulat\/"},"modified":"2025-12-08T13:52:02","modified_gmt":"2025-12-08T12:52:02","slug":"orthomol-immun-pro-granulat","status":"publish","type":"product","link":"https:\/\/www.ernstbrunn-apotheke.at\/katalog\/produkt\/orthomol-immun-pro-granulat\/","title":{"rendered":"Orthomol Immun pro Granulat"},"content":{"rendered":"<p>Orthomol Immun pro\u00ae Granulat ist ein Nahrungserg\u00e4nzungsmittel mit einer Kombination aus Mikron\u00e4hrstoffen, Inulin und ausgew\u00e4hlten Mirkroorganismen. Orthomol Immun pro\u00ae enth\u00e4lt eine Kombination der Mikroorganismen Bifidobacterium lactis, Lactococcus lactis, Enterococcus faecium, Lactobacillus acidophilus, Lactobacillus casei, Lactobacillus salivarius. Inulin ist ein f\u00fcr den Menschen unverdauliches Kohlenhydrat, das aus Chicor\u00e9e gewonnenen wird. Vitamin C, Vitamin D, Zink, Selen, Kupfer, Fols\u00e4ure, Vitamin A, Vitamin B6 und Vitamin B12 tragen zur normalen Funktion des Immunsystems (u.a. des darmeigenen Immunsystems) bei. Vitamin A, Vitamin B2 (Riboflavin), Biotin und Niacin tragen zum Erhalt der normalen Schleimh\u00e4ute (z.B. der Darmschleimhaut) bei. Vitamin C, Vitamin E, Vitamin B2 (Riboflavin), Zink, Selen, Kupfer und Mangan tragen zum Schutz der Zellen vor oxidativem Stress bei..<\/p>\n","protected":false},"excerpt":{"rendered":"<p>Orthomol Immun pro\u00ae Granulat ist ein Nahrungserg\u00e4nzungsmittel mit einer Kombination aus Mikron\u00e4hrstoffen, Inulin und ausgew\u00e4hlten Mirkroorganismen. Orthomol Immun pro\u00ae enth\u00e4lt eine Kombination der Mikroorganismen Bifidobacterium lactis, Lactococcus lactis, Enterococcus faecium, Lactobacillus acidophilus, Lactobacillus casei, Lactobacillus salivarius. Inulin ist ein f\u00fcr den Menschen unverdauliches Kohlenhydrat, das aus Chicor\u00e9e gewonnenen wird. Vitamin C, Vitamin D, Zink, Selen, [&hellip;]<\/p>\n","protected":false},"featured_media":15546,"template":"","meta":{"_acf_changed":false},"product_brand":[387],"product_cat":[819],"product_tag":[],"class_list":{"0":"post-15544","1":"product","2":"type-product","3":"status-publish","4":"has-post-thumbnail","6":"product_brand-orthomol","7":"product_cat-o","8":"pa_packungsgroesse-30-stueck","10":"first","11":"instock","12":"shipping-taxable","13":"purchasable","14":"product-type-simple"},"acf":[],"_links":{"self":[{"href":"https:\/\/www.ernstbrunn-apotheke.at\/katalog\/wp-json\/wp\/v2\/product\/15544","targetHints":{"allow":["GET"]}}],"collection":[{"href":"https:\/\/www.ernstbrunn-apotheke.at\/katalog\/wp-json\/wp\/v2\/product"}],"about":[{"href":"https:\/\/www.ernstbrunn-apotheke.at\/katalog\/wp-json\/wp\/v2\/types\/product"}],"wp:featuredmedia":[{"embeddable":true,"href":"https:\/\/www.ernstbrunn-apotheke.at\/katalog\/wp-json\/wp\/v2\/media\/15546"}],"wp:attachment":[{"href":"https:\/\/www.ernstbrunn-apotheke.at\/katalog\/wp-json\/wp\/v2\/media?parent=15544"}],"wp:term":[{"taxonomy":"product_brand","embeddable":true,"href":"https:\/\/www.ernstbrunn-apotheke.at\/katalog\/wp-json\/wp\/v2\/product_brand?post=15544"},{"taxonomy":"product_cat","embeddable":true,"href":"https:\/\/www.ernstbrunn-apotheke.at\/katalog\/wp-json\/wp\/v2\/product_cat?post=15544"},{"taxonomy":"product_tag","embeddable":true,"href":"https:\/\/www.ernstbrunn-apotheke.at\/katalog\/wp-json\/wp\/v2\/product_tag?post=15544"}],"curies":[{"name":"wp","href":"https:\/\/api.w.org\/{rel}","templated":true}]}}