{"id":154368,"date":"2025-11-17T16:27:25","date_gmt":"2025-11-17T15:27:25","guid":{"rendered":"https:\/\/www.ernstbrunn-apotheke.at\/katalog\/produkt\/dhu-cuprum-c12-globuli-8-g\/"},"modified":"2025-12-09T11:28:52","modified_gmt":"2025-12-09T10:28:52","slug":"dhu-cuprum-c12-globuli-8-g","status":"publish","type":"product","link":"https:\/\/www.ernstbrunn-apotheke.at\/katalog\/produkt\/dhu-cuprum-c12-globuli-8-g\/","title":{"rendered":"DHU Cuprum C12 Globuli 8 g"},"content":{"rendered":"<p>DHU Cuprum C12 Globuli ist ein hom\u00f6opathisches Einzelmittel, das aus Kupfer (Cu) hergestellt wird. Besonders die Nervenreizleitung im Gehirn, die Produktion von roten Blutk\u00f6rperchen und die Energieerzeugung in der K\u00f6rperzelle h\u00e4ngt von der ausreichenden Verf\u00fcgbarkeit von Kupfer ab.<\/p>\n","protected":false},"excerpt":{"rendered":"<p>DHU Cuprum C12 Globuli ist ein hom\u00f6opathisches Einzelmittel, das aus Kupfer (Cu) hergestellt wird. Besonders die Nervenreizleitung im Gehirn, die Produktion von roten Blutk\u00f6rperchen und die Energieerzeugung in der K\u00f6rperzelle h\u00e4ngt von der ausreichenden Verf\u00fcgbarkeit von Kupfer ab.<\/p>\n","protected":false},"featured_media":154370,"template":"","meta":{"_acf_changed":false},"product_brand":[],"product_cat":[792],"product_tag":[],"class_list":{"0":"post-154368","1":"product","2":"type-product","3":"status-publish","4":"has-post-thumbnail","6":"product_cat-d","7":"pa_packungsgroesse-8g","9":"first","10":"instock","11":"shipping-taxable","12":"purchasable","13":"product-type-simple"},"acf":[],"_links":{"self":[{"href":"https:\/\/www.ernstbrunn-apotheke.at\/katalog\/wp-json\/wp\/v2\/product\/154368","targetHints":{"allow":["GET"]}}],"collection":[{"href":"https:\/\/www.ernstbrunn-apotheke.at\/katalog\/wp-json\/wp\/v2\/product"}],"about":[{"href":"https:\/\/www.ernstbrunn-apotheke.at\/katalog\/wp-json\/wp\/v2\/types\/product"}],"wp:featuredmedia":[{"embeddable":true,"href":"https:\/\/www.ernstbrunn-apotheke.at\/katalog\/wp-json\/wp\/v2\/media\/154370"}],"wp:attachment":[{"href":"https:\/\/www.ernstbrunn-apotheke.at\/katalog\/wp-json\/wp\/v2\/media?parent=154368"}],"wp:term":[{"taxonomy":"product_brand","embeddable":true,"href":"https:\/\/www.ernstbrunn-apotheke.at\/katalog\/wp-json\/wp\/v2\/product_brand?post=154368"},{"taxonomy":"product_cat","embeddable":true,"href":"https:\/\/www.ernstbrunn-apotheke.at\/katalog\/wp-json\/wp\/v2\/product_cat?post=154368"},{"taxonomy":"product_tag","embeddable":true,"href":"https:\/\/www.ernstbrunn-apotheke.at\/katalog\/wp-json\/wp\/v2\/product_tag?post=154368"}],"curies":[{"name":"wp","href":"https:\/\/api.w.org\/{rel}","templated":true}]}}