{"id":15393,"date":"2025-11-07T18:08:34","date_gmt":"2025-11-07T17:08:34","guid":{"rendered":"https:\/\/www.ernstbrunn-apotheke.at\/katalog\/produkt\/cevitt-immun-direct\/"},"modified":"2025-12-08T13:51:29","modified_gmt":"2025-12-08T12:51:29","slug":"cevitt-immun-direct","status":"publish","type":"product","link":"https:\/\/www.ernstbrunn-apotheke.at\/katalog\/produkt\/cevitt-immun-direct\/","title":{"rendered":"Cevitt Immun Direct"},"content":{"rendered":"<p>Cevitt immun\u00ae direct versorgt den K\u00f6rper mit Vitamin C sowie Zink und bietet daher eine wertvolle Unterst\u00fctzung f\u00fcr die Abwehrkr\u00e4fte. Dank der praktischen Darreichungsform kann das Pr\u00e4parat zudem ohne Wasser eingenommen werden und eignet sich auch ideal f\u00fcr unterwegs. Da unser Immunsystem jeden Tag aufs Neue herausgefordert wird, ist eine normale Funktion unserer Abwehrkr\u00e4fte besonders wichtig. Cevitt immun\u00ae direct bietet eine besonders einfache M\u00f6glichkeit, dem K\u00f6rper wertvolle N\u00e4hrstoffe zuzuf\u00fchren. Die spezielle Formulierung mit Vitamin-C Depot-Perlen-Technologie stellt dem K\u00f6rper 150 mg Vitamin C direkt zur Verf\u00fcgung, w\u00e4hrend die anderen 150 mg \u00fcberzogen sind und daher \u00fcber mehrere Stunden abgegeben werden. Die Rezeptur wird ideal durch Zink (10 mg) und Citrus-Flavonoide erg\u00e4nzt, die dank ihrer antioxidativen Wirkung das Vitamin C sch\u00fctzen und seine Aufnahme steigern. Histidin verbessert zus\u00e4tzlich die Aufnahme von Zink. Die Pellets k\u00f6nnen direkt ohne Wasser eingenommen werden und eignen sich dank ihrer Stickverpackung ideal f\u00fcr unterwegs. .<\/p>\n","protected":false},"excerpt":{"rendered":"<p>Cevitt immun\u00ae direct versorgt den K\u00f6rper mit Vitamin C sowie Zink und bietet daher eine wertvolle Unterst\u00fctzung f\u00fcr die Abwehrkr\u00e4fte. Dank der praktischen Darreichungsform kann das Pr\u00e4parat zudem ohne Wasser eingenommen werden und eignet sich auch ideal f\u00fcr unterwegs. Da unser Immunsystem jeden Tag aufs Neue herausgefordert wird, ist eine normale Funktion unserer Abwehrkr\u00e4fte besonders [&hellip;]<\/p>\n","protected":false},"featured_media":15395,"template":"","meta":{"_acf_changed":false},"product_brand":[528],"product_cat":[812],"product_tag":[],"class_list":{"0":"post-15393","1":"product","2":"type-product","3":"status-publish","4":"has-post-thumbnail","6":"product_brand-cevitt","7":"product_cat-c","8":"pa_packungsgroesse-20-beutel","10":"first","11":"instock","12":"shipping-taxable","13":"purchasable","14":"product-type-simple"},"acf":[],"_links":{"self":[{"href":"https:\/\/www.ernstbrunn-apotheke.at\/katalog\/wp-json\/wp\/v2\/product\/15393","targetHints":{"allow":["GET"]}}],"collection":[{"href":"https:\/\/www.ernstbrunn-apotheke.at\/katalog\/wp-json\/wp\/v2\/product"}],"about":[{"href":"https:\/\/www.ernstbrunn-apotheke.at\/katalog\/wp-json\/wp\/v2\/types\/product"}],"wp:featuredmedia":[{"embeddable":true,"href":"https:\/\/www.ernstbrunn-apotheke.at\/katalog\/wp-json\/wp\/v2\/media\/15395"}],"wp:attachment":[{"href":"https:\/\/www.ernstbrunn-apotheke.at\/katalog\/wp-json\/wp\/v2\/media?parent=15393"}],"wp:term":[{"taxonomy":"product_brand","embeddable":true,"href":"https:\/\/www.ernstbrunn-apotheke.at\/katalog\/wp-json\/wp\/v2\/product_brand?post=15393"},{"taxonomy":"product_cat","embeddable":true,"href":"https:\/\/www.ernstbrunn-apotheke.at\/katalog\/wp-json\/wp\/v2\/product_cat?post=15393"},{"taxonomy":"product_tag","embeddable":true,"href":"https:\/\/www.ernstbrunn-apotheke.at\/katalog\/wp-json\/wp\/v2\/product_tag?post=15393"}],"curies":[{"name":"wp","href":"https:\/\/api.w.org\/{rel}","templated":true}]}}