{"id":15338,"date":"2025-11-07T18:07:43","date_gmt":"2025-11-07T17:07:43","guid":{"rendered":"https:\/\/www.ernstbrunn-apotheke.at\/katalog\/produkt\/defendyl-imunoglukan-p4h-sirup-120-ml\/"},"modified":"2025-12-08T13:51:16","modified_gmt":"2025-12-08T12:51:16","slug":"defendyl-imunoglukan-p4h-sirup-120-ml","status":"publish","type":"product","link":"https:\/\/www.ernstbrunn-apotheke.at\/katalog\/produkt\/defendyl-imunoglukan-p4h-sirup-120-ml\/","title":{"rendered":"Defendyl-Imunoglukan P4H Sirup 120 ml"},"content":{"rendered":"<p>Defendyl-Imunoglukan Sirup ist ein Nahrungserg\u00e4nzungsmittel mit Imunoglukan und Vitamin C. Es dient zur St\u00e4rkung der Abwehrkr\u00e4fte f\u00fcr Volksschulkinder vor und w\u00e4hrend der Erk\u00e4ltungssaison und ist auch f\u00fcr eine mehrmonatige Verwendung ohne Unterbrechung geeignet.Imunoglukan ist ein nat\u00fcrlicher, bioaktiver Stoff, isoliert aus dem Austernpilz. Defendyl-Imunoglukan Sirup ist f\u00fcr Kinder ab 1 Jahr und Erwachsene geeignet, die eine fl\u00fcssige Form bevorzugen.Die DefendylProdukte sind f\u00fcr die ganze Familie, f\u00fcr Diabetiker und Vegetarier gut geeignet. Sie sind gluten- und laktosefrei.<\/p>\n","protected":false},"excerpt":{"rendered":"<p>Defendyl-Imunoglukan Sirup ist ein Nahrungserg\u00e4nzungsmittel mit Imunoglukan und Vitamin C. Es dient zur St\u00e4rkung der Abwehrkr\u00e4fte f\u00fcr Volksschulkinder vor und w\u00e4hrend der Erk\u00e4ltungssaison und ist auch f\u00fcr eine mehrmonatige Verwendung ohne Unterbrechung geeignet.Imunoglukan ist ein nat\u00fcrlicher, bioaktiver Stoff, isoliert aus dem Austernpilz. Defendyl-Imunoglukan Sirup ist f\u00fcr Kinder ab 1 Jahr und Erwachsene geeignet, die eine [&hellip;]<\/p>\n","protected":false},"featured_media":15340,"template":"","meta":{"_acf_changed":false},"product_brand":[],"product_cat":[792],"product_tag":[],"class_list":{"0":"post-15338","1":"product","2":"type-product","3":"status-publish","4":"has-post-thumbnail","6":"product_cat-d","7":"pa_packungsgroesse-120ml","9":"first","10":"instock","11":"shipping-taxable","12":"purchasable","13":"product-type-simple"},"acf":[],"_links":{"self":[{"href":"https:\/\/www.ernstbrunn-apotheke.at\/katalog\/wp-json\/wp\/v2\/product\/15338","targetHints":{"allow":["GET"]}}],"collection":[{"href":"https:\/\/www.ernstbrunn-apotheke.at\/katalog\/wp-json\/wp\/v2\/product"}],"about":[{"href":"https:\/\/www.ernstbrunn-apotheke.at\/katalog\/wp-json\/wp\/v2\/types\/product"}],"wp:featuredmedia":[{"embeddable":true,"href":"https:\/\/www.ernstbrunn-apotheke.at\/katalog\/wp-json\/wp\/v2\/media\/15340"}],"wp:attachment":[{"href":"https:\/\/www.ernstbrunn-apotheke.at\/katalog\/wp-json\/wp\/v2\/media?parent=15338"}],"wp:term":[{"taxonomy":"product_brand","embeddable":true,"href":"https:\/\/www.ernstbrunn-apotheke.at\/katalog\/wp-json\/wp\/v2\/product_brand?post=15338"},{"taxonomy":"product_cat","embeddable":true,"href":"https:\/\/www.ernstbrunn-apotheke.at\/katalog\/wp-json\/wp\/v2\/product_cat?post=15338"},{"taxonomy":"product_tag","embeddable":true,"href":"https:\/\/www.ernstbrunn-apotheke.at\/katalog\/wp-json\/wp\/v2\/product_tag?post=15338"}],"curies":[{"name":"wp","href":"https:\/\/api.w.org\/{rel}","templated":true}]}}