{"id":153370,"date":"2025-11-17T15:33:00","date_gmt":"2025-11-17T14:33:00","guid":{"rendered":"https:\/\/www.ernstbrunn-apotheke.at\/katalog\/produkt\/acidum-nitricum-dhu-8-g-c-200-globuli\/"},"modified":"2025-12-09T11:27:43","modified_gmt":"2025-12-09T10:27:43","slug":"acidum-nitricum-dhu-8-g-c-200-globuli","status":"publish","type":"product","link":"https:\/\/www.ernstbrunn-apotheke.at\/katalog\/produkt\/acidum-nitricum-dhu-8-g-c-200-globuli\/","title":{"rendered":"Acidum Nitricum DHU 8 g C 200 Globuli"},"content":{"rendered":"<p>DHU bietet hom\u00f6opathische Einzelmittel f\u00fcr Ihre individuelle Therapie. Die eingesetzten Ausgangstoffe sind pflanzlichen, tierischen und mineralischen Ursprungs. Die verwendeten Arzneien werden potenziert, d.h. verd\u00fcnnt und versch\u00fcttelt bzw. verrieben. F\u00fcr Einzelmittel wenden Sie sich an einen Hom\u00f6opathen Ihres Vertrauens.<\/p>\n","protected":false},"excerpt":{"rendered":"<p>DHU bietet hom\u00f6opathische Einzelmittel f\u00fcr Ihre individuelle Therapie. Die eingesetzten Ausgangstoffe sind pflanzlichen, tierischen und mineralischen Ursprungs. Die verwendeten Arzneien werden potenziert, d.h. verd\u00fcnnt und versch\u00fcttelt bzw. verrieben. F\u00fcr Einzelmittel wenden Sie sich an einen Hom\u00f6opathen Ihres Vertrauens.<\/p>\n","protected":false},"featured_media":153372,"template":"","meta":{"_acf_changed":false},"product_brand":[],"product_cat":[801],"product_tag":[],"class_list":{"0":"post-153370","1":"product","2":"type-product","3":"status-publish","4":"has-post-thumbnail","6":"product_cat-a","7":"pa_packungsgroesse-8g","9":"first","10":"instock","11":"shipping-taxable","12":"purchasable","13":"product-type-simple"},"acf":[],"_links":{"self":[{"href":"https:\/\/www.ernstbrunn-apotheke.at\/katalog\/wp-json\/wp\/v2\/product\/153370","targetHints":{"allow":["GET"]}}],"collection":[{"href":"https:\/\/www.ernstbrunn-apotheke.at\/katalog\/wp-json\/wp\/v2\/product"}],"about":[{"href":"https:\/\/www.ernstbrunn-apotheke.at\/katalog\/wp-json\/wp\/v2\/types\/product"}],"wp:featuredmedia":[{"embeddable":true,"href":"https:\/\/www.ernstbrunn-apotheke.at\/katalog\/wp-json\/wp\/v2\/media\/153372"}],"wp:attachment":[{"href":"https:\/\/www.ernstbrunn-apotheke.at\/katalog\/wp-json\/wp\/v2\/media?parent=153370"}],"wp:term":[{"taxonomy":"product_brand","embeddable":true,"href":"https:\/\/www.ernstbrunn-apotheke.at\/katalog\/wp-json\/wp\/v2\/product_brand?post=153370"},{"taxonomy":"product_cat","embeddable":true,"href":"https:\/\/www.ernstbrunn-apotheke.at\/katalog\/wp-json\/wp\/v2\/product_cat?post=153370"},{"taxonomy":"product_tag","embeddable":true,"href":"https:\/\/www.ernstbrunn-apotheke.at\/katalog\/wp-json\/wp\/v2\/product_tag?post=153370"}],"curies":[{"name":"wp","href":"https:\/\/api.w.org\/{rel}","templated":true}]}}