{"id":15312,"date":"2025-11-07T18:06:41","date_gmt":"2025-11-07T17:06:41","guid":{"rendered":"https:\/\/www.ernstbrunn-apotheke.at\/katalog\/produkt\/cetebe-abwehr-fit-lutschtabletten-20-stk\/"},"modified":"2025-12-08T13:51:11","modified_gmt":"2025-12-08T12:51:11","slug":"cetebe-abwehr-fit-lutschtabletten-20-stk","status":"publish","type":"product","link":"https:\/\/www.ernstbrunn-apotheke.at\/katalog\/produkt\/cetebe-abwehr-fit-lutschtabletten-20-stk\/","title":{"rendered":"Cetebe Abwehr Fit Lutschtabletten 20 Stk."},"content":{"rendered":"<p>Cetebe Abwehr Fit Lutschtabletten enthalten Vitamin C und Zink, die zur Unterst\u00fctzung der k\u00f6rpereigenen Abwehrkr\u00e4fte beitragen. Die Lutschtabletten schmecken fruchtig lecker nach Himbeer.<\/p>\n","protected":false},"excerpt":{"rendered":"<p>Cetebe Abwehr Fit Lutschtabletten enthalten Vitamin C und Zink, die zur Unterst\u00fctzung der k\u00f6rpereigenen Abwehrkr\u00e4fte beitragen. Die Lutschtabletten schmecken fruchtig lecker nach Himbeer.<\/p>\n","protected":false},"featured_media":15314,"template":"","meta":{"_acf_changed":false},"product_brand":[],"product_cat":[812],"product_tag":[],"class_list":{"0":"post-15312","1":"product","2":"type-product","3":"status-publish","4":"has-post-thumbnail","6":"product_cat-c","7":"pa_packungsgroesse-20-stueck","9":"first","10":"instock","11":"shipping-taxable","12":"purchasable","13":"product-type-simple"},"acf":[],"_links":{"self":[{"href":"https:\/\/www.ernstbrunn-apotheke.at\/katalog\/wp-json\/wp\/v2\/product\/15312","targetHints":{"allow":["GET"]}}],"collection":[{"href":"https:\/\/www.ernstbrunn-apotheke.at\/katalog\/wp-json\/wp\/v2\/product"}],"about":[{"href":"https:\/\/www.ernstbrunn-apotheke.at\/katalog\/wp-json\/wp\/v2\/types\/product"}],"wp:featuredmedia":[{"embeddable":true,"href":"https:\/\/www.ernstbrunn-apotheke.at\/katalog\/wp-json\/wp\/v2\/media\/15314"}],"wp:attachment":[{"href":"https:\/\/www.ernstbrunn-apotheke.at\/katalog\/wp-json\/wp\/v2\/media?parent=15312"}],"wp:term":[{"taxonomy":"product_brand","embeddable":true,"href":"https:\/\/www.ernstbrunn-apotheke.at\/katalog\/wp-json\/wp\/v2\/product_brand?post=15312"},{"taxonomy":"product_cat","embeddable":true,"href":"https:\/\/www.ernstbrunn-apotheke.at\/katalog\/wp-json\/wp\/v2\/product_cat?post=15312"},{"taxonomy":"product_tag","embeddable":true,"href":"https:\/\/www.ernstbrunn-apotheke.at\/katalog\/wp-json\/wp\/v2\/product_tag?post=15312"}],"curies":[{"name":"wp","href":"https:\/\/api.w.org\/{rel}","templated":true}]}}