{"id":152183,"date":"2025-11-17T12:56:43","date_gmt":"2025-11-17T11:56:43","guid":{"rendered":"https:\/\/www.ernstbrunn-apotheke.at\/katalog\/produkt\/tebodont-mundspuelung-ohne-fluorid-500-ml\/"},"modified":"2025-12-09T11:23:05","modified_gmt":"2025-12-09T10:23:05","slug":"tebodont-mundspuelung-ohne-fluorid-500-ml","status":"publish","type":"product","link":"https:\/\/www.ernstbrunn-apotheke.at\/katalog\/produkt\/tebodont-mundspuelung-ohne-fluorid-500-ml\/","title":{"rendered":"Tebodont Mundsp\u00fclung ohne Fluorid 500 ml"},"content":{"rendered":"<p>Hemmt die Plaquebildung, pflegt und kr\u00e4ftigt das Zahnfleisch.<\/p>\n<p>&#13;<\/p>\n<p>F\u00fcr die t\u00e4gliche Mund- und Zahnpflege, hilft bei Irritationen am Zahnfleisch und der Mundschleimhaut sowie zur Plaquehemmung.<\/p>\n","protected":false},"excerpt":{"rendered":"<p>Hemmt die Plaquebildung, pflegt und kr\u00e4ftigt das Zahnfleisch. &#13; F\u00fcr die t\u00e4gliche Mund- und Zahnpflege, hilft bei Irritationen am Zahnfleisch und der Mundschleimhaut sowie zur Plaquehemmung.<\/p>\n","protected":false},"featured_media":0,"template":"","meta":{"_acf_changed":false},"product_brand":[],"product_cat":[798],"product_tag":[],"class_list":{"0":"post-152183","1":"product","2":"type-product","3":"status-publish","5":"product_cat-t","6":"pa_packungsgroesse-500ml","8":"first","9":"instock","10":"shipping-taxable","11":"purchasable","12":"product-type-simple"},"acf":[],"_links":{"self":[{"href":"https:\/\/www.ernstbrunn-apotheke.at\/katalog\/wp-json\/wp\/v2\/product\/152183","targetHints":{"allow":["GET"]}}],"collection":[{"href":"https:\/\/www.ernstbrunn-apotheke.at\/katalog\/wp-json\/wp\/v2\/product"}],"about":[{"href":"https:\/\/www.ernstbrunn-apotheke.at\/katalog\/wp-json\/wp\/v2\/types\/product"}],"wp:attachment":[{"href":"https:\/\/www.ernstbrunn-apotheke.at\/katalog\/wp-json\/wp\/v2\/media?parent=152183"}],"wp:term":[{"taxonomy":"product_brand","embeddable":true,"href":"https:\/\/www.ernstbrunn-apotheke.at\/katalog\/wp-json\/wp\/v2\/product_brand?post=152183"},{"taxonomy":"product_cat","embeddable":true,"href":"https:\/\/www.ernstbrunn-apotheke.at\/katalog\/wp-json\/wp\/v2\/product_cat?post=152183"},{"taxonomy":"product_tag","embeddable":true,"href":"https:\/\/www.ernstbrunn-apotheke.at\/katalog\/wp-json\/wp\/v2\/product_tag?post=152183"}],"curies":[{"name":"wp","href":"https:\/\/api.w.org\/{rel}","templated":true}]}}