{"id":152176,"date":"2025-11-17T12:56:43","date_gmt":"2025-11-17T11:56:43","guid":{"rendered":"https:\/\/www.ernstbrunn-apotheke.at\/katalog\/produkt\/st-severin-tausendguldenkraut-tropfen-2\/"},"modified":"2025-12-09T11:23:04","modified_gmt":"2025-12-09T10:23:04","slug":"st-severin-tausendguldenkraut-tropfen-2","status":"publish","type":"product","link":"https:\/\/www.ernstbrunn-apotheke.at\/katalog\/produkt\/st-severin-tausendguldenkraut-tropfen-2\/","title":{"rendered":"St. Severin Tausendguldenkraut Tropfen"},"content":{"rendered":"<p>Produktbeschreibung: Bei Bedarf 2 &#8211; 3 x 1 &#8211; 2 Spr\u00fchst\u00f6\u00dfe direkt in den Mund spr\u00fchen.Das Echte Tausendg\u00fcldenkraut (Centaurium erythraea) stammt aus der Familie der Enziangew\u00e4chse (Gentianacea). Schon im Altertum wurde das Tausendg\u00fcl denkraut als Heilpfl anze gesch\u00e4tzt. Wie alle Enziangew\u00e4chse geh\u00f6rt das Tausendg\u00fcldenkraut aufgrund seines hohen Bitterstoffgehalts zu den Amara. Die Pflanze besitzt appetitanregende Eigenschaften und wird in der Volksheilkunde bei Fieberzust\u00e4nden, Gicht und Nervenleiden angewendet.<\/p>\n<p>Zusammensetzung:Tausendg\u00fcldenkrautspray enth\u00e4lt einen hochwertigen w\u00e4ssrig\/alkoholischen Auszug aus Tausendg\u00fcldenkraut. Der Auszug wird nach Vorgaben des Arzneibuches im Verh\u00e4ltnis 1:5 hergestellt. Alkoholgehalt: 66 % Vol<\/p>\n","protected":false},"excerpt":{"rendered":"<p>Produktbeschreibung: Bei Bedarf 2 &#8211; 3 x 1 &#8211; 2 Spr\u00fchst\u00f6\u00dfe direkt in den Mund spr\u00fchen.Das Echte Tausendg\u00fcldenkraut (Centaurium erythraea) stammt aus der Familie der Enziangew\u00e4chse (Gentianacea). Schon im Altertum wurde das Tausendg\u00fcl denkraut als Heilpfl anze gesch\u00e4tzt. Wie alle Enziangew\u00e4chse geh\u00f6rt das Tausendg\u00fcldenkraut aufgrund seines hohen Bitterstoffgehalts zu den Amara. Die Pflanze besitzt appetitanregende [&hellip;]<\/p>\n","protected":false},"featured_media":152178,"template":"","meta":{"_acf_changed":false},"product_brand":[435],"product_cat":[791],"product_tag":[],"class_list":{"0":"post-152176","1":"product","2":"type-product","3":"status-publish","4":"has-post-thumbnail","6":"product_brand-st-severin","7":"product_cat-s","8":"pa_packungsgroesse-100ml","10":"first","11":"instock","12":"shipping-taxable","13":"purchasable","14":"product-type-simple"},"acf":[],"_links":{"self":[{"href":"https:\/\/www.ernstbrunn-apotheke.at\/katalog\/wp-json\/wp\/v2\/product\/152176","targetHints":{"allow":["GET"]}}],"collection":[{"href":"https:\/\/www.ernstbrunn-apotheke.at\/katalog\/wp-json\/wp\/v2\/product"}],"about":[{"href":"https:\/\/www.ernstbrunn-apotheke.at\/katalog\/wp-json\/wp\/v2\/types\/product"}],"wp:featuredmedia":[{"embeddable":true,"href":"https:\/\/www.ernstbrunn-apotheke.at\/katalog\/wp-json\/wp\/v2\/media\/152178"}],"wp:attachment":[{"href":"https:\/\/www.ernstbrunn-apotheke.at\/katalog\/wp-json\/wp\/v2\/media?parent=152176"}],"wp:term":[{"taxonomy":"product_brand","embeddable":true,"href":"https:\/\/www.ernstbrunn-apotheke.at\/katalog\/wp-json\/wp\/v2\/product_brand?post=152176"},{"taxonomy":"product_cat","embeddable":true,"href":"https:\/\/www.ernstbrunn-apotheke.at\/katalog\/wp-json\/wp\/v2\/product_cat?post=152176"},{"taxonomy":"product_tag","embeddable":true,"href":"https:\/\/www.ernstbrunn-apotheke.at\/katalog\/wp-json\/wp\/v2\/product_tag?post=152176"}],"curies":[{"name":"wp","href":"https:\/\/api.w.org\/{rel}","templated":true}]}}