{"id":152018,"date":"2025-11-17T12:53:37","date_gmt":"2025-11-17T11:53:37","guid":{"rendered":"https:\/\/www.ernstbrunn-apotheke.at\/katalog\/produkt\/chin-min-balsam-150-ml\/"},"modified":"2025-12-09T11:22:23","modified_gmt":"2025-12-09T10:22:23","slug":"chin-min-balsam-150-ml","status":"publish","type":"product","link":"https:\/\/www.ernstbrunn-apotheke.at\/katalog\/produkt\/chin-min-balsam-150-ml\/","title":{"rendered":"Chin Min Balsam 150 ml"},"content":{"rendered":"<p>Der durchblutungsf\u00f6rdernde\u00a0<strong>Chin Min<\/strong>\u00a0Muskel-, Sport-, und Gelenksbalsam ist ein kosmetischer K\u00f6rperbalsam und enth\u00e4lt chinesische Minze.<\/p>\n<p>\u25cf hygienische Anwendung<br \/>\u25cf praktischer Flip-Top-Verschluss<br \/>\u25cf erfrischt, unterst\u00fctzt, aktiviert<br \/>\u25cf rasche Regeneration bei \u00dcberanstrengung<br \/>\u25cf vegan, nachhaltig und regional produziert<\/p>\n<p>Der Balsam unterst\u00fctzt beim Massieren der beanspruchten Muskelpartien sowie Gelenke und entspannt angenehm die Haut der betroffenen Stellen.<\/p>\n<p>Der aktive\u00a0<strong>Sportbalsam<\/strong>\u00a0ist eine gute Pflege nach k\u00f6rperlicher Aktivit\u00e4t, er unterst\u00fctzt die beanspruchen Hautareale.\u00a0<strong>Muskeln\u00a0<\/strong>und\u00a0<strong>Gelenke\u00a0<\/strong>werden bei der Massage versorgt. Sp\u00fcren sie den durchblutungsf\u00f6rdernden und angenehm w\u00e4rmenden Effekt.<\/p>\n<p>Chin Min begleitet<strong>\u00a0Leistungs- und Freizeitsportler<\/strong>\u00a0vor, w\u00e4hrend und nach dem Sport. Der Balsam unterst\u00fctzt beim Massieren der beanspruchten Muskelpartien sowie Gelenke und k\u00fchlt angenehm die Haut der betroffenen Stellen.<\/p>\n","protected":false},"excerpt":{"rendered":"<p>Der durchblutungsf\u00f6rdernde\u00a0Chin Min\u00a0Muskel-, Sport-, und Gelenksbalsam ist ein kosmetischer K\u00f6rperbalsam und enth\u00e4lt chinesische Minze. \u25cf hygienische Anwendung\u25cf praktischer Flip-Top-Verschluss\u25cf erfrischt, unterst\u00fctzt, aktiviert\u25cf rasche Regeneration bei \u00dcberanstrengung\u25cf vegan, nachhaltig und regional produziert Der Balsam unterst\u00fctzt beim Massieren der beanspruchten Muskelpartien sowie Gelenke und entspannt angenehm die Haut der betroffenen Stellen. Der aktive\u00a0Sportbalsam\u00a0ist eine gute Pflege nach [&hellip;]<\/p>\n","protected":false},"featured_media":152020,"template":"","meta":{"_acf_changed":false},"product_brand":[],"product_cat":[812],"product_tag":[],"class_list":{"0":"post-152018","1":"product","2":"type-product","3":"status-publish","4":"has-post-thumbnail","6":"product_cat-c","7":"pa_packungsgroesse-150ml","9":"first","10":"instock","11":"shipping-taxable","12":"purchasable","13":"product-type-simple"},"acf":[],"_links":{"self":[{"href":"https:\/\/www.ernstbrunn-apotheke.at\/katalog\/wp-json\/wp\/v2\/product\/152018","targetHints":{"allow":["GET"]}}],"collection":[{"href":"https:\/\/www.ernstbrunn-apotheke.at\/katalog\/wp-json\/wp\/v2\/product"}],"about":[{"href":"https:\/\/www.ernstbrunn-apotheke.at\/katalog\/wp-json\/wp\/v2\/types\/product"}],"wp:featuredmedia":[{"embeddable":true,"href":"https:\/\/www.ernstbrunn-apotheke.at\/katalog\/wp-json\/wp\/v2\/media\/152020"}],"wp:attachment":[{"href":"https:\/\/www.ernstbrunn-apotheke.at\/katalog\/wp-json\/wp\/v2\/media?parent=152018"}],"wp:term":[{"taxonomy":"product_brand","embeddable":true,"href":"https:\/\/www.ernstbrunn-apotheke.at\/katalog\/wp-json\/wp\/v2\/product_brand?post=152018"},{"taxonomy":"product_cat","embeddable":true,"href":"https:\/\/www.ernstbrunn-apotheke.at\/katalog\/wp-json\/wp\/v2\/product_cat?post=152018"},{"taxonomy":"product_tag","embeddable":true,"href":"https:\/\/www.ernstbrunn-apotheke.at\/katalog\/wp-json\/wp\/v2\/product_tag?post=152018"}],"curies":[{"name":"wp","href":"https:\/\/api.w.org\/{rel}","templated":true}]}}